{"id":1201,"date":"2018-05-10T10:20:54","date_gmt":"2018-05-10T10:20:54","guid":{"rendered":"http:\/\/www.iesislaverde.es\/?page_id=1201"},"modified":"2021-02-04T23:21:26","modified_gmt":"2021-02-04T23:21:26","slug":"planes-y-proyectos","status":"publish","type":"page","link":"https:\/\/dev.iesislaverde.es\/index.php\/planes-y-proyectos\/","title":{"rendered":"Planes y Proyectos"},"content":{"rendered":"<p>[vc_row][vc_column][vc_column_text]<\/p>\n<div class=\"row padding-lg\">\n<div class=\"col-sm-12 head-block\">Nuestro centro participa de forma activa mediante diferentes equipos de profesores y profesoras en los siguientes planes y proyectos educativos de car\u00e1cter estrat\u00e9gicos, permanentes y anuales:<\/div>\n<div class=\"col-sm-12\">\n<ol class=\"ord-listing\">\n<li>Organizaci\u00f3n y Funcionamiento de Bibliotecas Escolares<\/li>\n<li>Plan de <span class=\"scayt-misspell\" data-scayt_word=\"Salud\" data-scaytid=\"39\">Salud<\/span> <span class=\"scayt-misspell\" data-scayt_word=\"Laboral\" data-scaytid=\"41\">Laboral<\/span> y <span class=\"scayt-misspell\" data-scayt_word=\"P.R.L\" data-scaytid=\"33\">P.R.L<\/span>.<\/li>\n<li>Plan de <span class=\"scayt-misspell\" data-scayt_word=\"igualdad\" data-scaytid=\"43\">igualdad<\/span> <span class=\"scayt-misspell\" data-scayt_word=\"entre\" data-scaytid=\"45\">entre<\/span> hombres y mujeres en la <span class=\"scayt-misspell\" data-scayt_word=\"educaci\u00f3n\" data-scaytid=\"47\">educaci\u00f3n<\/span><\/li>\n<li>Red\u00a0<span class=\"scayt-misspell\" data-scayt_word=\"Andaluza\" data-scaytid=\"51\">Andaluza<\/span>\u00a0<span class=\"scayt-misspell\" data-scayt_word=\"Escuela\" data-scaytid=\"53\">Escuela<\/span>: &#8220;<span class=\"scayt-misspell\" data-scayt_word=\"Espacio\" data-scaytid=\"57\">Espacio<\/span>\u00a0de Paz&#8221;<\/li>\n<li>Plan\u00a0<span class=\"scayt-misspell\" data-scayt_word=\"Escuela\" data-scaytid=\"55\">Escuela<\/span>\u00a0TIC 2.0<\/li>\n<li>Programa Aldea (modalidad B: Proyecto Huertos Escolares y Programa de reciclaje en el aula)<\/li>\n<li><a href=\"https:\/\/dev.iesislaverde.es\/index.php\/plc\/\">Proyecto Ling\u00fc\u00edstico de Centro (PLC)<\/a><\/li>\n<li>Programa Innicia de Educaci\u00f3n Financiera<\/li>\n<li>Aula D Jaque<\/li>\n<li><a href=\"https:\/\/dev.iesislaverde.es\/index.php\/profundiza\/\">Andaluc\u00eda Profundiza<\/a><\/li>\n<li><a href=\"https:\/\/dev.iesislaverde.es\/index.php\/proyecto-cientifico-de-centro\/\">Proyecto Cient\u00edfico (Proyecto propio del departamento de F\u00edsica y Qu\u00edmica)<\/a><\/li>\n<\/ol>\n<\/div>\n<\/div>\n<p>[\/vc_column_text][\/vc_column][\/vc_row]<\/p>\n","protected":false},"excerpt":{"rendered":"<p>[vc_row][vc_column][vc_column_text] Nuestro centro participa de forma activa mediante diferentes equipos de profesores y profesoras en los siguientes planes y proyectos educativos de car\u00e1cter estrat\u00e9gicos, permanentes y anuales: Organizaci\u00f3n y Funcionamiento de Bibliotecas Escolares Plan de Salud Laboral y P.R.L. Plan de igualdad entre hombres y mujeres en la educaci\u00f3n Red\u00a0Andaluza\u00a0Escuela: &#8220;Espacio\u00a0de Paz&#8221; Plan\u00a0Escuela\u00a0TIC 2.0 Programa [&hellip;]<\/p>\n","protected":false},"author":15,"featured_media":0,"parent":0,"menu_order":0,"comment_status":"closed","ping_status":"closed","template":"template\/contact.php","meta":{"footnotes":""},"class_list":["post-1201","page","type-page","status-publish","hentry"],"_links":{"self":[{"href":"https:\/\/dev.iesislaverde.es\/index.php\/wp-json\/wp\/v2\/pages\/1201","targetHints":{"allow":["GET"]}}],"collection":[{"href":"https:\/\/dev.iesislaverde.es\/index.php\/wp-json\/wp\/v2\/pages"}],"about":[{"href":"https:\/\/dev.iesislaverde.es\/index.php\/wp-json\/wp\/v2\/types\/page"}],"author":[{"embeddable":true,"href":"https:\/\/dev.iesislaverde.es\/index.php\/wp-json\/wp\/v2\/users\/15"}],"replies":[{"embeddable":true,"href":"https:\/\/dev.iesislaverde.es\/index.php\/wp-json\/wp\/v2\/comments?post=1201"}],"version-history":[{"count":7,"href":"https:\/\/dev.iesislaverde.es\/index.php\/wp-json\/wp\/v2\/pages\/1201\/revisions"}],"predecessor-version":[{"id":2562,"href":"https:\/\/dev.iesislaverde.es\/index.php\/wp-json\/wp\/v2\/pages\/1201\/revisions\/2562"}],"wp:attachment":[{"href":"https:\/\/dev.iesislaverde.es\/index.php\/wp-json\/wp\/v2\/media?parent=1201"}],"curies":[{"name":"wp","href":"https:\/\/api.w.org\/{rel}","templated":true}]}}

<p>[vc_row][vc_column][vc_column_text]</p>
<div class="row padding-lg">
<div class="col-sm-12 head-block">Nuestro centro participa de forma activa mediante diferentes equipos de profesores y profesoras en los siguientes planes y proyectos educativos de carácter estratégicos, permanentes y anuales:</div>
<div class="col-sm-12">
<ol class="ord-listing">
<li>Organización y Funcionamiento de Bibliotecas Escolares</li>
<li>Plan de <span class="scayt-misspell" data-scayt_word="Salud" data-scaytid="39">Salud</span> <span class="scayt-misspell" data-scayt_word="Laboral" data-scaytid="41">Laboral</span> y <span class="scayt-misspell" data-scayt_word="P.R.L" data-scaytid="33">P.R.L</span>.</li>
<li>Plan de <span class="scayt-misspell" data-scayt_word="igualdad" data-scaytid="43">igualdad</span> <span class="scayt-misspell" data-scayt_word="entre" data-scaytid="45">entre</span> hombres y mujeres en la <span class="scayt-misspell" data-scayt_word="educación" data-scaytid="47">educación</span></li>
<li>Red <span class="scayt-misspell" data-scayt_word="Andaluza" data-scaytid="51">Andaluza</span> <span class="scayt-misspell" data-scayt_word="Escuela" data-scaytid="53">Escuela</span>: &#8220;<span class="scayt-misspell" data-scayt_word="Espacio" data-scaytid="57">Espacio</span> de Paz&#8221;</li>
<li>Plan <span class="scayt-misspell" data-scayt_word="Escuela" data-scaytid="55">Escuela</span> TIC 2.0</li>
<li>Programa Aldea (modalidad B: Proyecto Huertos Escolares y Programa de reciclaje en el aula)</li>
<li><a href="https://dev.iesislaverde.es/index.php/plc/">Proyecto Lingüístico de Centro (PLC)</a></li>
<li>Programa Innicia de Educación Financiera</li>
<li>Aula D Jaque</li>
<li><a href="https://dev.iesislaverde.es/index.php/profundiza/">Andalucía Profundiza</a></li>
<li><a href="https://dev.iesislaverde.es/index.php/proyecto-cientifico-de-centro/">Proyecto Científico (Proyecto propio del departamento de Física y Química)</a></li>
</ol>
</div>
</div>
<p>[/vc_column_text][/vc_column][/vc_row]</p>

<p>[vc_row][vc_column][vc_column_text] Nuestro centro participa de forma activa mediante diferentes equipos de profesores y profesoras en los siguientes planes y proyectos educativos de carácter estratégicos, permanentes y anuales: Organización y Funcionamiento de Bibliotecas Escolares Plan de Salud Laboral y P.R.L. Plan de igualdad entre hombres y mujeres en la educación Red Andaluza Escuela: &#8220;Espacio de Paz&#8221; Plan Escuela TIC 2.0 Programa [&hellip;]</p>
