{"id":1643,"date":"2018-05-22T10:55:38","date_gmt":"2018-05-22T10:55:38","guid":{"rendered":"http:\/\/www.iesislaverde.es\/?page_id=1643"},"modified":"2019-11-17T21:56:52","modified_gmt":"2019-11-17T21:56:52","slug":"ciclos-formativos","status":"publish","type":"page","link":"https:\/\/dev.iesislaverde.es\/index.php\/ciclos-formativos\/","title":{"rendered":"Ciclos Formativos"},"content":{"rendered":"<p>[vc_row][vc_column][vc_empty_space][\/vc_column][\/vc_row][vc_row][vc_column][vc_column_text]<\/p>\n<h2>FORMACI\u00d3N PROFESIONAL B\u00c1SICA: <a href=\"https:\/\/sites.google.com\/site\/comercioislaverde\/cf-fp-basica-servicios-comerciales\">SERVICIOS COMERCIALES<\/a><\/h2>\n<p>&nbsp;<\/p>\n<ul class=\"privacy-listing\">\n<li>Duraci\u00f3n: Dos cursos\u00a0con pr\u00e1cticas en empresas en\u00a0 2\u00ba curso.<\/li>\n<li><b>REQUISITOS DE ACCESO<\/b>: Deben cumplirse\u00a0simult\u00e1neamente los siguientes requisitos:\n<ul>\n<li>Tener cumplidos quince a\u00f1os, o cumplirlos durante el a\u00f1o natural en curso, y no superar los diecisiete\u00a0a\u00f1os de edad en el momento del acceso ni durante el a\u00f1o natural en el que se inician estas ense\u00f1anzas.<\/li>\n<li>Haber cursado el primer ciclo de Educaci\u00f3n Secundaria Obligatoria o, excepcionalmente, haber\u00a0cursado el segundo curso de Educaci\u00f3n Secundaria Obligatoria.<\/li>\n<li>Haber sido propuesto por el equipo educativo a los padres, madres o tutores legales para la\u00a0incorporaci\u00f3n a un ciclo formativo de Formaci\u00f3n Profesional B\u00e1sica<\/li>\n<\/ul>\n<\/li>\n<\/ul>\n<p>[\/vc_column_text][\/vc_column][\/vc_row][vc_row][vc_column][vc_zigzag color=&#8221;green&#8221;][\/vc_column][\/vc_row][vc_row][vc_column][vc_column_text]<\/p>\n<h2>Ciclo Formativo de Grado Medio de <a href=\"https:\/\/sites.google.com\/site\/comercioislaverde\/cfgm-actividades-comerciales\">ACTIVIDADES COMERCIALES<\/a>, en el que se obtiene el T\u00edtulo de T\u00e9cnico.<\/h2>\n<p>Oferta de plazas : 30 de CFGM Actividades Comerciales (Algunas en DUAL)<\/p>\n<ul class=\"privacy-listing\">\n<li>Duraci\u00f3n: Dos cursos con pr\u00e1cticas en empresas en el tercer trimestre del 2\u00ba curso.<\/li>\n<li>Acceso: Tres cupos:\n<ul>\n<li>Graduado en ESO o equivalente.<\/li>\n<li>T\u00edtulo de FP B\u00e1sica, con preferencia si es de la misma familia de Comercio y Marketing.<\/li>\n<li>Prueba de acceso a Ciclos Formativos de Grado Medio (no se realizan ni se preparan en este Instituto).<\/li>\n<\/ul>\n<\/li>\n<\/ul>\n<p>[\/vc_column_text][\/vc_column][\/vc_row][vc_row][vc_column][vc_zigzag color=&#8221;green&#8221;][\/vc_column][\/vc_row][vc_row][vc_column][vc_column_text]<\/p>\n<h2>Ciclos Formativos de Grado Superior de:<a href=\"https:\/\/sites.google.com\/site\/comercioislaverde\/cfgs-comercio-internacional\"> Comercio Internacional<\/a> y <a href=\"https:\/\/sites.google.com\/site\/comercioislaverde\/cfgs-transporte-y-logistica\">Transporte y Log\u00edstica<\/a><\/h2>\n<p>Oferta de plazas : 60 de CFGS Comercio Internacional (Algunas en DUAL) y 30 de CFGS de Transporte y Log\u00edstica<\/p>\n<ul class=\"privacy-listing\">\n<li>En ambos se obtiene el T\u00edtulo de T\u00e9cnico Superior.<\/li>\n<li>Duraci\u00f3n: dos cursos, con pr\u00e1cticas en empresas en el tercer trimestre del 2\u00ba curso.<\/li>\n<li>Acceso: tres cupos:\n<ul>\n<li>Bachillerato LOE o LOMCE.<\/li>\n<li>T\u00edtulo de T\u00e9cnico de Formaci\u00f3n Profesional (Grado Medio), con preferencia si es de la misma familia de Comercio y Marketing.<\/li>\n<li>Prueba de acceso a Ciclos Formativos de Grado Superior (no se realizan ni se preparan en este Instituto), prueba de acceso a la Universidad para mayores de 25 a\u00f1os, t\u00edtulo equivalente a Bachillerato LOE o LOMCE y otras titulaciones (Universidad, otros grados superiores, etc).<\/li>\n<\/ul>\n<\/li>\n<li>Desde el curso 2.013\/14 el Ciclo de Comercio Internacional se ofrece en la modalidad de alternancia en empresas. M\u00e1s informaci\u00f3n <a href=\"https:\/\/sites.google.com\/site\/comercioislaverde\/cfgs-comercio-internacional\/fp-dual\">aqu\u00ed<\/a>.<\/li>\n<\/ul>\n<p>[\/vc_column_text][\/vc_column][\/vc_row]<\/p>\n","protected":false},"excerpt":{"rendered":"<p>[vc_row][vc_column][vc_empty_space][\/vc_column][\/vc_row][vc_row][vc_column][vc_column_text] FORMACI\u00d3N PROFESIONAL B\u00c1SICA: SERVICIOS COMERCIALES &nbsp; Duraci\u00f3n: Dos cursos\u00a0con pr\u00e1cticas en empresas en\u00a0 2\u00ba curso. REQUISITOS DE ACCESO: Deben cumplirse\u00a0simult\u00e1neamente los siguientes requisitos: Tener cumplidos quince a\u00f1os, o cumplirlos durante el a\u00f1o natural en curso, y no superar los diecisiete\u00a0a\u00f1os de edad en el momento del acceso ni durante el a\u00f1o natural en el [&hellip;]<\/p>\n","protected":false},"author":2,"featured_media":0,"parent":0,"menu_order":0,"comment_status":"closed","ping_status":"closed","template":"template\/contact.php","meta":{"footnotes":""},"class_list":["post-1643","page","type-page","status-publish","hentry"],"_links":{"self":[{"href":"https:\/\/dev.iesislaverde.es\/index.php\/wp-json\/wp\/v2\/pages\/1643","targetHints":{"allow":["GET"]}}],"collection":[{"href":"https:\/\/dev.iesislaverde.es\/index.php\/wp-json\/wp\/v2\/pages"}],"about":[{"href":"https:\/\/dev.iesislaverde.es\/index.php\/wp-json\/wp\/v2\/types\/page"}],"author":[{"embeddable":true,"href":"https:\/\/dev.iesislaverde.es\/index.php\/wp-json\/wp\/v2\/users\/2"}],"replies":[{"embeddable":true,"href":"https:\/\/dev.iesislaverde.es\/index.php\/wp-json\/wp\/v2\/comments?post=1643"}],"version-history":[{"count":1,"href":"https:\/\/dev.iesislaverde.es\/index.php\/wp-json\/wp\/v2\/pages\/1643\/revisions"}],"predecessor-version":[{"id":1967,"href":"https:\/\/dev.iesislaverde.es\/index.php\/wp-json\/wp\/v2\/pages\/1643\/revisions\/1967"}],"wp:attachment":[{"href":"https:\/\/dev.iesislaverde.es\/index.php\/wp-json\/wp\/v2\/media?parent=1643"}],"curies":[{"name":"wp","href":"https:\/\/api.w.org\/{rel}","templated":true}]}}

<p>[vc_row][vc_column][vc_empty_space][/vc_column][/vc_row][vc_row][vc_column][vc_column_text]</p>
<h2>FORMACIÓN PROFESIONAL BÁSICA: <a href="https://sites.google.com/site/comercioislaverde/cf-fp-basica-servicios-comerciales">SERVICIOS COMERCIALES</a></h2>
<p>&nbsp;</p>
<ul class="privacy-listing">
<li>Duración: Dos cursos con prácticas en empresas en  2º curso.</li>
<li><b>REQUISITOS DE ACCESO</b>: Deben cumplirse simultáneamente los siguientes requisitos:
<ul>
<li>Tener cumplidos quince años, o cumplirlos durante el año natural en curso, y no superar los diecisiete años de edad en el momento del acceso ni durante el año natural en el que se inician estas enseñanzas.</li>
<li>Haber cursado el primer ciclo de Educación Secundaria Obligatoria o, excepcionalmente, haber cursado el segundo curso de Educación Secundaria Obligatoria.</li>
<li>Haber sido propuesto por el equipo educativo a los padres, madres o tutores legales para la incorporación a un ciclo formativo de Formación Profesional Básica</li>
</ul>
</li>
</ul>
<p>[/vc_column_text][/vc_column][/vc_row][vc_row][vc_column][vc_zigzag color=&#8221;green&#8221;][/vc_column][/vc_row][vc_row][vc_column][vc_column_text]</p>
<h2>Ciclo Formativo de Grado Medio de <a href="https://sites.google.com/site/comercioislaverde/cfgm-actividades-comerciales">ACTIVIDADES COMERCIALES</a>, en el que se obtiene el Título de Técnico.</h2>
<p>Oferta de plazas : 30 de CFGM Actividades Comerciales (Algunas en DUAL)</p>
<ul class="privacy-listing">
<li>Duración: Dos cursos con prácticas en empresas en el tercer trimestre del 2º curso.</li>
<li>Acceso: Tres cupos:
<ul>
<li>Graduado en ESO o equivalente.</li>
<li>Título de FP Básica, con preferencia si es de la misma familia de Comercio y Marketing.</li>
<li>Prueba de acceso a Ciclos Formativos de Grado Medio (no se realizan ni se preparan en este Instituto).</li>
</ul>
</li>
</ul>
<p>[/vc_column_text][/vc_column][/vc_row][vc_row][vc_column][vc_zigzag color=&#8221;green&#8221;][/vc_column][/vc_row][vc_row][vc_column][vc_column_text]</p>
<h2>Ciclos Formativos de Grado Superior de:<a href="https://sites.google.com/site/comercioislaverde/cfgs-comercio-internacional"> Comercio Internacional</a> y <a href="https://sites.google.com/site/comercioislaverde/cfgs-transporte-y-logistica">Transporte y Logística</a></h2>
<p>Oferta de plazas : 60 de CFGS Comercio Internacional (Algunas en DUAL) y 30 de CFGS de Transporte y Logística</p>
<ul class="privacy-listing">
<li>En ambos se obtiene el Título de Técnico Superior.</li>
<li>Duración: dos cursos, con prácticas en empresas en el tercer trimestre del 2º curso.</li>
<li>Acceso: tres cupos:
<ul>
<li>Bachillerato LOE o LOMCE.</li>
<li>Título de Técnico de Formación Profesional (Grado Medio), con preferencia si es de la misma familia de Comercio y Marketing.</li>
<li>Prueba de acceso a Ciclos Formativos de Grado Superior (no se realizan ni se preparan en este Instituto), prueba de acceso a la Universidad para mayores de 25 años, título equivalente a Bachillerato LOE o LOMCE y otras titulaciones (Universidad, otros grados superiores, etc).</li>
</ul>
</li>
<li>Desde el curso 2.013/14 el Ciclo de Comercio Internacional se ofrece en la modalidad de alternancia en empresas. Más información <a href="https://sites.google.com/site/comercioislaverde/cfgs-comercio-internacional/fp-dual">aquí</a>.</li>
</ul>
<p>[/vc_column_text][/vc_column][/vc_row]</p>

<p>[vc_row][vc_column][vc_empty_space][/vc_column][/vc_row][vc_row][vc_column][vc_column_text] FORMACIÓN PROFESIONAL BÁSICA: SERVICIOS COMERCIALES &nbsp; Duración: Dos cursos con prácticas en empresas en  2º curso. REQUISITOS DE ACCESO: Deben cumplirse simultáneamente los siguientes requisitos: Tener cumplidos quince años, o cumplirlos durante el año natural en curso, y no superar los diecisiete años de edad en el momento del acceso ni durante el año natural en el [&hellip;]</p>
