{"id":1685,"date":"2018-05-22T15:27:56","date_gmt":"2018-05-22T15:27:56","guid":{"rendered":"http:\/\/www.iesislaverde.es\/?page_id=1685"},"modified":"2021-09-30T14:56:36","modified_gmt":"2021-09-30T14:56:36","slug":"galeria-imagenes-antiguas","status":"publish","type":"page","link":"https:\/\/dev.iesislaverde.es\/index.php\/galeria-imagenes-antiguas\/","title":{"rendered":"Galer\u00eda Im\u00e1genes"},"content":{"rendered":"<p>[vc_row][vc_column][vc_empty_space][\/vc_column][\/vc_row][vc_row][vc_column][vc_column_text]<\/p>\n<ul class=\"privacy-listing\">\n<li><a href=\"https:\/\/www.dropbox.com\/sh\/jg3ed4ah0vinrtm\/AADlPtw9BEdYNdNiqZYCD7rpa?dl=0\">Orlas<\/a><\/li>\n<li><a href=\"https:\/\/www.dropbox.com\/sh\/6yn3skkd8kouegk\/AADPR38Rd4obSHkbnmAQElH_a?dl=0\">50 aniversario del Instituto: Acto Conmemorativo del Aniversario: conferencia, coloquio y encuentro. 5 febrero 2020<\/a><\/li>\n<li><a href=\"https:\/\/www.dropbox.com\/sh\/hdzrcphy6mpcgwq\/AABg5UK5Ns504VXhQQjqxXzya?dl=0\">50 aniversario del Instituto: Presentaci\u00f3n del cartel conmemorativo. 10 de diciembre de 2019<\/a><\/li>\n<li><a href=\"https:\/\/drive.google.com\/drive\/folders\/1HEty1fO_Mjy6LspyiVAERq7p9EROtOH9?usp=sharing\">Acto de graduaci\u00f3n acad\u00e9mica Bachillerato 2019-2021<\/a><\/li>\n<li><a href=\"https:\/\/drive.google.com\/drive\/folders\/1UTF1ktfIHPZ-IPYTk2lnAxiywzIcrisx?usp=sharing\">Acto de Fin de etapa 4\u00ba ESO 2017-2021<\/a><\/li>\n<li><a href=\"https:\/\/www.youtube.com\/watch?v=jyo3c7t8Wkg\">V\u00eddeo del acto de graduaci\u00f3n acad\u00e9mica Bachillerato 2018-2020<\/a><\/li>\n<li><a href=\"https:\/\/www.dropbox.com\/sh\/zdb5ydoruvoy1re\/AABItCFcUVpXk5clK2rvF_sVa?dl=0\">Acto Fin de Etapa 4\u00ba ESO 2015-2019<\/a><\/li>\n<li><a href=\"https:\/\/www.dropbox.com\/sh\/luz77iqkd8ma88k\/AAA8mLnxQ6SCs2C9NQSEhAf-a?dl=0\">Acto de Graduaci\u00f3n Bachillerato Promoci\u00f3n 2017-2019<\/a><\/li>\n<li><a href=\"https:\/\/www.dropbox.com\/sh\/j6rugwwg3qalc9q\/AACi7zOO_0_UueoVvVv625HDa?dl=0\">Acto de Fin de Etapa 4\u00ba ESO 2014-2018<\/a><\/li>\n<li><a href=\"https:\/\/www.dropbox.com\/sh\/ba6nir5omehfmjk\/AACN_dYUVOFxsAleKn9Vx72ea?dl=0\">Acto de Graduaci\u00f3n Bachillerato Promoci\u00f3n 2016-2018<\/a><\/li>\n<li><a href=\"https:\/\/www.dropbox.com\/sh\/7eoh6dednc6ws1x\/AAC2BAiJzyitYtPDEFjGgbcga?dl=0\">Acto de fin de etapa ESO Promoci\u00f3n 2013-2017<\/a><\/li>\n<li><a href=\"https:\/\/www.dropbox.com\/sh\/gqyutmbs6tcuuw0\/AAAVVsqV27Mvi3LuycyUKpcia?dl=0\">Acto de Graduaci\u00f3n Bachillerato Promoci\u00f3n 2015-2017<\/a><\/li>\n<li><a href=\"https:\/\/www.dropbox.com\/sc\/5rv18jalns5hvbx\/AAAGoUdObIXlIwJcECGvxtjka\">Fotos Graduaci\u00f3n Bachillerato Promoci\u00f3n 2014-2016<\/a><\/li>\n<li><a href=\"https:\/\/www.dropbox.com\/sc\/7ijtexv640ja6zq\/AACkZzHPmIwC3OvrFUa4ujoIa\">Graduaci\u00f3n Bachillerato Promoci\u00f3n 2013-2015<\/a><\/li>\n<li><a href=\"https:\/\/www.dropbox.com\/sh\/2o96mdfiuigbmj6\/AAAx122RodQFRW0_Wk7qsFyIa?dl=0\">Graduaci\u00f3n 2\u00ba bachillerato. Promoci\u00f3n 2011-2013<\/a><\/li>\n<li><a href=\"https:\/\/www.dropbox.com\/sc\/zwjttaz9zp6f39e\/AAA2ZkDD-BE1rBS7wu52Z13Wa\">Graduaci\u00f3n 2\u00ba Bachillerato. Promoci\u00f3n 2010-2012<\/a><\/li>\n<li><a href=\"https:\/\/vimeo.com\/38188875\">V\u00eddeo Graduaci\u00f3n Bachillerato promoci\u00f3n 2009-2011<\/a><\/li>\n<li><a href=\"https:\/\/www.dropbox.com\/sc\/9mvd86o15afewb4\/AACRhyzlhH3QWXG0DUUu9d9va\">Acto de graduaci\u00f3n Promoci\u00f3n Bachillerato 2009-2011<\/a><\/li>\n<\/ul>\n<p>[\/vc_column_text][\/vc_column][\/vc_row]<\/p>\n","protected":false},"excerpt":{"rendered":"<p>[vc_row][vc_column][vc_empty_space][\/vc_column][\/vc_row][vc_row][vc_column][vc_column_text] Orlas 50 aniversario del Instituto: Acto Conmemorativo del Aniversario: conferencia, coloquio y encuentro. 5 febrero 2020 50 aniversario del Instituto: Presentaci\u00f3n del cartel conmemorativo. 10 de diciembre de 2019 Acto de graduaci\u00f3n acad\u00e9mica Bachillerato 2019-2021 Acto de Fin de etapa 4\u00ba ESO 2017-2021 V\u00eddeo del acto de graduaci\u00f3n acad\u00e9mica Bachillerato 2018-2020 Acto Fin de [&hellip;]<\/p>\n","protected":false},"author":2,"featured_media":0,"parent":0,"menu_order":0,"comment_status":"closed","ping_status":"closed","template":"template\/contact.php","meta":{"footnotes":""},"class_list":["post-1685","page","type-page","status-publish","hentry"],"_links":{"self":[{"href":"https:\/\/dev.iesislaverde.es\/index.php\/wp-json\/wp\/v2\/pages\/1685","targetHints":{"allow":["GET"]}}],"collection":[{"href":"https:\/\/dev.iesislaverde.es\/index.php\/wp-json\/wp\/v2\/pages"}],"about":[{"href":"https:\/\/dev.iesislaverde.es\/index.php\/wp-json\/wp\/v2\/types\/page"}],"author":[{"embeddable":true,"href":"https:\/\/dev.iesislaverde.es\/index.php\/wp-json\/wp\/v2\/users\/2"}],"replies":[{"embeddable":true,"href":"https:\/\/dev.iesislaverde.es\/index.php\/wp-json\/wp\/v2\/comments?post=1685"}],"version-history":[{"count":9,"href":"https:\/\/dev.iesislaverde.es\/index.php\/wp-json\/wp\/v2\/pages\/1685\/revisions"}],"predecessor-version":[{"id":3553,"href":"https:\/\/dev.iesislaverde.es\/index.php\/wp-json\/wp\/v2\/pages\/1685\/revisions\/3553"}],"wp:attachment":[{"href":"https:\/\/dev.iesislaverde.es\/index.php\/wp-json\/wp\/v2\/media?parent=1685"}],"curies":[{"name":"wp","href":"https:\/\/api.w.org\/{rel}","templated":true}]}}

Galería Imágenes

<p>[vc_row][vc_column][vc_empty_space][/vc_column][/vc_row][vc_row][vc_column][vc_column_text]</p>
<ul class="privacy-listing">
<li><a href="https://www.dropbox.com/sh/jg3ed4ah0vinrtm/AADlPtw9BEdYNdNiqZYCD7rpa?dl=0">Orlas</a></li>
<li><a href="https://www.dropbox.com/sh/6yn3skkd8kouegk/AADPR38Rd4obSHkbnmAQElH_a?dl=0">50 aniversario del Instituto: Acto Conmemorativo del Aniversario: conferencia, coloquio y encuentro. 5 febrero 2020</a></li>
<li><a href="https://www.dropbox.com/sh/hdzrcphy6mpcgwq/AABg5UK5Ns504VXhQQjqxXzya?dl=0">50 aniversario del Instituto: Presentación del cartel conmemorativo. 10 de diciembre de 2019</a></li>
<li><a href="https://drive.google.com/drive/folders/1HEty1fO_Mjy6LspyiVAERq7p9EROtOH9?usp=sharing">Acto de graduación académica Bachillerato 2019-2021</a></li>
<li><a href="https://drive.google.com/drive/folders/1UTF1ktfIHPZ-IPYTk2lnAxiywzIcrisx?usp=sharing">Acto de Fin de etapa 4º ESO 2017-2021</a></li>
<li><a href="https://www.youtube.com/watch?v=jyo3c7t8Wkg">Vídeo del acto de graduación académica Bachillerato 2018-2020</a></li>
<li><a href="https://www.dropbox.com/sh/zdb5ydoruvoy1re/AABItCFcUVpXk5clK2rvF_sVa?dl=0">Acto Fin de Etapa 4º ESO 2015-2019</a></li>
<li><a href="https://www.dropbox.com/sh/luz77iqkd8ma88k/AAA8mLnxQ6SCs2C9NQSEhAf-a?dl=0">Acto de Graduación Bachillerato Promoción 2017-2019</a></li>
<li><a href="https://www.dropbox.com/sh/j6rugwwg3qalc9q/AACi7zOO_0_UueoVvVv625HDa?dl=0">Acto de Fin de Etapa 4º ESO 2014-2018</a></li>
<li><a href="https://www.dropbox.com/sh/ba6nir5omehfmjk/AACN_dYUVOFxsAleKn9Vx72ea?dl=0">Acto de Graduación Bachillerato Promoción 2016-2018</a></li>
<li><a href="https://www.dropbox.com/sh/7eoh6dednc6ws1x/AAC2BAiJzyitYtPDEFjGgbcga?dl=0">Acto de fin de etapa ESO Promoción 2013-2017</a></li>
<li><a href="https://www.dropbox.com/sh/gqyutmbs6tcuuw0/AAAVVsqV27Mvi3LuycyUKpcia?dl=0">Acto de Graduación Bachillerato Promoción 2015-2017</a></li>
<li><a href="https://www.dropbox.com/sc/5rv18jalns5hvbx/AAAGoUdObIXlIwJcECGvxtjka">Fotos Graduación Bachillerato Promoción 2014-2016</a></li>
<li><a href="https://www.dropbox.com/sc/7ijtexv640ja6zq/AACkZzHPmIwC3OvrFUa4ujoIa">Graduación Bachillerato Promoción 2013-2015</a></li>
<li><a href="https://www.dropbox.com/sh/2o96mdfiuigbmj6/AAAx122RodQFRW0_Wk7qsFyIa?dl=0">Graduación 2º bachillerato. Promoción 2011-2013</a></li>
<li><a href="https://www.dropbox.com/sc/zwjttaz9zp6f39e/AAA2ZkDD-BE1rBS7wu52Z13Wa">Graduación 2º Bachillerato. Promoción 2010-2012</a></li>
<li><a href="https://vimeo.com/38188875">Vídeo Graduación Bachillerato promoción 2009-2011</a></li>
<li><a href="https://www.dropbox.com/sc/9mvd86o15afewb4/AACRhyzlhH3QWXG0DUUu9d9va">Acto de graduación Promoción Bachillerato 2009-2011</a></li>
</ul>
<p>[/vc_column_text][/vc_column][/vc_row]</p>

<p>[vc_row][vc_column][vc_empty_space][/vc_column][/vc_row][vc_row][vc_column][vc_column_text] Orlas 50 aniversario del Instituto: Acto Conmemorativo del Aniversario: conferencia, coloquio y encuentro. 5 febrero 2020 50 aniversario del Instituto: Presentación del cartel conmemorativo. 10 de diciembre de 2019 Acto de graduación académica Bachillerato 2019-2021 Acto de Fin de etapa 4º ESO 2017-2021 Vídeo del acto de graduación académica Bachillerato 2018-2020 Acto Fin de [&hellip;]</p>
