{"id":169,"date":"2017-08-09T03:18:46","date_gmt":"2017-08-09T03:18:46","guid":{"rendered":"http:\/\/themetrademark.com\/demo\/edumart\/?page_id=169"},"modified":"2019-11-17T21:22:40","modified_gmt":"2019-11-17T21:22:40","slug":"about","status":"publish","type":"page","link":"https:\/\/dev.iesislaverde.es\/index.php\/about\/","title":{"rendered":"Ex\u00e1menes Pendientes"},"content":{"rendered":"<p>[vc_row][vc_column][vc_empty_space][\/vc_column][\/vc_row][vc_row][vc_column][vc_column_text]En virtud del Plan de Recuperaci\u00f3n de Aprendizajes no Adquiridos desarrollado en nuestro Proyecto Educativo, en ESO, Bachillerato y FPB se ha establecido un proceso muy definido en Proyecto Educativo de planificaci\u00f3n y seguimiento. El informe individualizado del programa para los diferentes cursos de estas etapas se ha registrado y entregado al alumnado y familias, en su caso. Adem\u00e1s de todas las propuestas de actividades recogidas en dichos informes, en bachillerato est\u00e1 establecido un calendario de pruebas parciales que se relaciona a continuaci\u00f3n:<\/p>\n<p>El alumnado pendiente de 1\u00ba de Bachillerato quedan convocados para realizar las pruebas de las siguientes materias:<\/p>\n<p>&nbsp;<\/p>\n<p><strong><u>2\u00ba BACHILLERATO.<\/u><\/strong><\/p>\n<p><strong>\u00a0<\/strong><strong>INGL\u00c9S: \u00a0\u00a0\u00a0\u00a0\u00a0\u00a0\u00a0\u00a0\u00a0\u00a0\u00a0 <\/strong><\/p>\n<p>1\u00ba EXAMEN \u00a018\/11\/2019<\/p>\n<p>2\u00ba EXAMEN \u00a010\/02\/2020<\/p>\n<p>3\u00ba EXAMEN \u00a027\/04\/2020<\/p>\n<p><strong>\u00a0<\/strong><\/p>\n<p><strong>FILOSOF\u00cdA: <\/strong><\/p>\n<p>1\u00ba EXAMEN\u00a0 15\/01\/2020<\/p>\n<p>2\u00ba EXAMEN\u00a0 11\/03\/2020<\/p>\n<p>3\u00ba EXAMEN\u00a0 06\/05\/2020<\/p>\n<p>&nbsp;<\/p>\n<p><strong>MATEM\u00c1TICAS I y MATEM\u00c1TICAS APLICADAS CIENCIAS SOCIALES I:<\/strong><\/p>\n<p>1\u00ba EXAMEN\u00a0 29\/01\/2020<\/p>\n<p>2\u00ba EXAMEN\u00a0 22\/04\/2020<\/p>\n<p>3\u00ba EXAMEN\u00a0 04\/05\/2020<\/p>\n<p>&nbsp;<\/p>\n<p><strong>LENGUA CASTELLANA:<\/strong><\/p>\n<p>1\u00ba EXAMEN\u00a0 13\/01\/2020<\/p>\n<p>2\u00ba EXAMEN\u00a0 22\/04\/2020<\/p>\n<p>3\u00ba EXAMEN\u00a0 04\/05\/2020<\/p>\n<p>&nbsp;<\/p>\n<p><strong>LAT\u00cdN:<\/strong><\/p>\n<p>1\u00ba EXAMEN\u00a0 15\/01\/2020<\/p>\n<p>2\u00ba EXAMEN\u00a0 22\/04\/2020<\/p>\n<p>3\u00ba EXAMEN\u00a0 06\/05\/2020<\/p>\n<p>&nbsp;<\/p>\n<p><strong>GRIEGO:<\/strong><\/p>\n<p>1\u00ba EXAMEN\u00a0 13\/01\/2020<\/p>\n<p>2\u00ba EXAMEN\u00a0 20\/04\/2020<\/p>\n<p>3\u00ba EXAMEN\u00a0 04\/05\/2020<\/p>\n<p>&nbsp;<\/p>\n<p><strong>HISTORIA MUNDO CONTEMPOR\u00c1NEO:<\/strong><\/p>\n<p>1\u00ba EXAMEN\u00a0\u00a0 20\/01\/2020<\/p>\n<p>2\u00ba EXAMEN \u00a009\/03\/2020<\/p>\n<p>3\u00ba EXAMEN\u00a0 29\/04\/2020<\/p>\n<p>&nbsp;<\/p>\n<p><strong>ECONOM\u00cdA: <\/strong><\/p>\n<p>1\u00ba EXAMEN: 13\/01\/2020<\/p>\n<p>2\u00ba EXAMEN: 15\/04\/2020<\/p>\n<p>3\u00ba EXAMEN: 06\/05\/2020<\/p>\n<p>&nbsp;<\/p>\n<p><strong>F\u00cdSICA Y QU\u00cdMICA<\/strong>:<\/p>\n<p>1\u00ba EXAMEN: 15\/01\/2020<\/p>\n<p>2\u00ba EXAMEN: 11\/03\/2020<\/p>\n<p>3\u00ba EXAMEN: 06\/05\/2020<\/p>\n<p><strong>\u00a0<\/strong><\/p>\n<p>Las pruebas se realizar\u00e1n en horario de tarde en la sala de usos m\u00faltiples o en los departamentos correspondientes seg\u00fan instrucciones de los Departamentos. El lugar podr\u00e1 ser modificado por los Departamentos correspondientes.[\/vc_column_text][\/vc_column][\/vc_row][vc_row][vc_column][vc_empty_space height=&#8221;5px&#8221;][\/vc_column][\/vc_row]<\/p>\n","protected":false},"excerpt":{"rendered":"<p>[vc_row][vc_column][vc_empty_space][\/vc_column][\/vc_row][vc_row][vc_column][vc_column_text]En virtud del Plan de Recuperaci\u00f3n de Aprendizajes no Adquiridos desarrollado en nuestro Proyecto Educativo, en ESO, Bachillerato y FPB se ha establecido un proceso muy definido en Proyecto Educativo de planificaci\u00f3n y seguimiento. El informe individualizado del programa para los diferentes cursos de estas etapas se ha registrado y entregado al alumnado y familias, [&hellip;]<\/p>\n","protected":false},"author":15,"featured_media":0,"parent":0,"menu_order":0,"comment_status":"closed","ping_status":"closed","template":"template\/blog-default.php","meta":{"footnotes":""},"class_list":["post-169","page","type-page","status-publish","hentry"],"_links":{"self":[{"href":"https:\/\/dev.iesislaverde.es\/index.php\/wp-json\/wp\/v2\/pages\/169","targetHints":{"allow":["GET"]}}],"collection":[{"href":"https:\/\/dev.iesislaverde.es\/index.php\/wp-json\/wp\/v2\/pages"}],"about":[{"href":"https:\/\/dev.iesislaverde.es\/index.php\/wp-json\/wp\/v2\/types\/page"}],"author":[{"embeddable":true,"href":"https:\/\/dev.iesislaverde.es\/index.php\/wp-json\/wp\/v2\/users\/15"}],"replies":[{"embeddable":true,"href":"https:\/\/dev.iesislaverde.es\/index.php\/wp-json\/wp\/v2\/comments?post=169"}],"version-history":[{"count":5,"href":"https:\/\/dev.iesislaverde.es\/index.php\/wp-json\/wp\/v2\/pages\/169\/revisions"}],"predecessor-version":[{"id":2456,"href":"https:\/\/dev.iesislaverde.es\/index.php\/wp-json\/wp\/v2\/pages\/169\/revisions\/2456"}],"wp:attachment":[{"href":"https:\/\/dev.iesislaverde.es\/index.php\/wp-json\/wp\/v2\/media?parent=169"}],"curies":[{"name":"wp","href":"https:\/\/api.w.org\/{rel}","templated":true}]}}

Exámenes Pendientes

<p>[vc_row][vc_column][vc_empty_space][/vc_column][/vc_row][vc_row][vc_column][vc_column_text]En virtud del Plan de Recuperación de Aprendizajes no Adquiridos desarrollado en nuestro Proyecto Educativo, en ESO, Bachillerato y FPB se ha establecido un proceso muy definido en Proyecto Educativo de planificación y seguimiento. El informe individualizado del programa para los diferentes cursos de estas etapas se ha registrado y entregado al alumnado y familias, en su caso. Además de todas las propuestas de actividades recogidas en dichos informes, en bachillerato está establecido un calendario de pruebas parciales que se relaciona a continuación:</p>
<p>El alumnado pendiente de 1º de Bachillerato quedan convocados para realizar las pruebas de las siguientes materias:</p>
<p>&nbsp;</p>
<p><strong><u>2º BACHILLERATO.</u></strong></p>
<p><strong> </strong><strong>INGLÉS:             </strong></p>
<p>1º EXAMEN  18/11/2019</p>
<p>2º EXAMEN  10/02/2020</p>
<p>3º EXAMEN  27/04/2020</p>
<p><strong> </strong></p>
<p><strong>FILOSOFÍA: </strong></p>
<p>1º EXAMEN  15/01/2020</p>
<p>2º EXAMEN  11/03/2020</p>
<p>3º EXAMEN  06/05/2020</p>
<p>&nbsp;</p>
<p><strong>MATEMÁTICAS I y MATEMÁTICAS APLICADAS CIENCIAS SOCIALES I:</strong></p>
<p>1º EXAMEN  29/01/2020</p>
<p>2º EXAMEN  22/04/2020</p>
<p>3º EXAMEN  04/05/2020</p>
<p>&nbsp;</p>
<p><strong>LENGUA CASTELLANA:</strong></p>
<p>1º EXAMEN  13/01/2020</p>
<p>2º EXAMEN  22/04/2020</p>
<p>3º EXAMEN  04/05/2020</p>
<p>&nbsp;</p>
<p><strong>LATÍN:</strong></p>
<p>1º EXAMEN  15/01/2020</p>
<p>2º EXAMEN  22/04/2020</p>
<p>3º EXAMEN  06/05/2020</p>
<p>&nbsp;</p>
<p><strong>GRIEGO:</strong></p>
<p>1º EXAMEN  13/01/2020</p>
<p>2º EXAMEN  20/04/2020</p>
<p>3º EXAMEN  04/05/2020</p>
<p>&nbsp;</p>
<p><strong>HISTORIA MUNDO CONTEMPORÁNEO:</strong></p>
<p>1º EXAMEN   20/01/2020</p>
<p>2º EXAMEN  09/03/2020</p>
<p>3º EXAMEN  29/04/2020</p>
<p>&nbsp;</p>
<p><strong>ECONOMÍA: </strong></p>
<p>1º EXAMEN: 13/01/2020</p>
<p>2º EXAMEN: 15/04/2020</p>
<p>3º EXAMEN: 06/05/2020</p>
<p>&nbsp;</p>
<p><strong>FÍSICA Y QUÍMICA</strong>:</p>
<p>1º EXAMEN: 15/01/2020</p>
<p>2º EXAMEN: 11/03/2020</p>
<p>3º EXAMEN: 06/05/2020</p>
<p><strong> </strong></p>
<p>Las pruebas se realizarán en horario de tarde en la sala de usos múltiples o en los departamentos correspondientes según instrucciones de los Departamentos. El lugar podrá ser modificado por los Departamentos correspondientes.[/vc_column_text][/vc_column][/vc_row][vc_row][vc_column][vc_empty_space height=&#8221;5px&#8221;][/vc_column][/vc_row]</p>

<p>[vc_row][vc_column][vc_empty_space][/vc_column][/vc_row][vc_row][vc_column][vc_column_text]En virtud del Plan de Recuperación de Aprendizajes no Adquiridos desarrollado en nuestro Proyecto Educativo, en ESO, Bachillerato y FPB se ha establecido un proceso muy definido en Proyecto Educativo de planificación y seguimiento. El informe individualizado del programa para los diferentes cursos de estas etapas se ha registrado y entregado al alumnado y familias, [&hellip;]</p>
