{"id":1770,"date":"2018-05-24T14:43:13","date_gmt":"2018-05-24T14:43:13","guid":{"rendered":"http:\/\/www.iesislaverde.es\/?page_id=1770"},"modified":"2019-11-16T23:01:28","modified_gmt":"2019-11-16T23:01:28","slug":"eso","status":"publish","type":"page","link":"https:\/\/dev.iesislaverde.es\/index.php\/eso\/","title":{"rendered":"ESO"},"content":{"rendered":"<p>[vc_row][vc_column][vc_empty_space][\/vc_column][\/vc_row][vc_row][vc_column][vc_column_text]<\/p>\n<p style=\"text-align: justify;\">La Educaci\u00f3n Secundaria Obligatoria (ESO) es una etapa educativa obligatoria y gratuita que completa la educaci\u00f3n b\u00e1sica. Comprende dos ciclos: el primero, que corresponde a los cursos primero, segundo y tercero de la etapa; y el segundo, que corresponde al cuarto curso de la etapa. El segundo ciclo de la etapa o cuarto curso tiene un car\u00e1cter fundamentalmente proped\u00e9utico, es decir, su objetivo fundamental es el de preparar para el desarrollo de estudios posteriores.<\/p>\n<p>&nbsp;<\/p>\n<p style=\"text-align: justify;\">La finalidad de la Educaci\u00f3n Secundaria Obligatoria consiste en lograr que los alumnos y las alumnas adquieran los elementos b\u00e1sicos de la cultura, especialmente en sus aspectos human\u00edstico, art\u00edstico, cient\u00edfico y tecnol\u00f3gico; desarrollar y consolidar en ellos h\u00e1bitos de estudio y de trabajo; prepararles, como se ha comentado, para su incorporaci\u00f3n a estudios posteriores y para su inserci\u00f3n laboral y formarles para el ejercicio de sus derechos y obligaciones en la vida como ciudadanos.<\/p>\n<p>&nbsp;<\/p>\n<p style=\"text-align: justify;\">Esta etapa se organizar\u00e1 de acuerdo con los principios de educaci\u00f3n com\u00fan y de atenci\u00f3n a la diversidad del alumnado y en ella se prestar\u00e1 especial atenci\u00f3n a la orientaci\u00f3n educativa y profesional del alumnado.<\/p>\n<p>&nbsp;<\/p>\n<p style=\"text-align: justify;\">Una vez concluida la etapa de Educaci\u00f3n Secundaria Obligatoria, los alumnos y las alumnas tienen diferentes opciones:<\/p>\n<ul class=\"privacy-listing\">\n<li>\n<p style=\"text-align: justify;\">Si han obtenido el T\u00edtulo de Graduado en Educaci\u00f3n Secundaria Obligatoria por la opci\u00f3n de Ense\u00f1anzas Acad\u00e9micas, podr\u00e1n acceder a la etapa de Bachillerato en cualquiera de sus modalidades.<\/p>\n<\/li>\n<li>\n<p style=\"text-align: justify;\">Si han obtenido el T\u00edtulo citado por la opci\u00f3n de Ense\u00f1anzas Aplicadas, podr\u00e1n cursar un ciclo de Formaci\u00f3n Profesional de grado medio, Ense\u00f1anzas Profesionales de Artes Pl\u00e1sticas y Dise\u00f1o, o Ense\u00f1anzas Deportivas de grado medio.<\/p>\n<\/li>\n<li>\n<p style=\"text-align: justify;\">El alumnado que habiendo cursado la Educaci\u00f3n Secundaria Obligatoria no haya obtenido el T\u00edtulo correspondiente podr\u00e1 incorporarse a la Educaci\u00f3n Permanente para Personas Adultas o presentarse a las pruebas libres para obtener la titulaci\u00f3n o a las pruebas de acceso a ciclos formativos.<\/p>\n<\/li>\n<\/ul>\n<p>[\/vc_column_text][vc_toggle title=&#8221;1\u00ba ESO&#8221; style=&#8221;square_outline&#8221; color=&#8221;peacoc&#8221; size=&#8221;sm&#8221;]<\/p>\n<div class=\"col-sm-8 heading-right\">\n<ul class=\"privacy-listing\">\n<li>Troncales generales\n<ul>\n<li>Biolog\u00eda y Geolog\u00eda (3h)<\/li>\n<li>Geograf\u00eda e Historia (3h)<\/li>\n<li>Lengua (4h)<\/li>\n<li>Matem\u00e1ticas (4h)<\/li>\n<li>Lengua Extranjera Ingl\u00e9s (4h)<\/li>\n<\/ul>\n<\/li>\n<\/ul>\n<ul class=\"privacy-listing\">\n<li>Espec\u00edficas\n<ul>\n<li>Educaci\u00f3n F\u00edsica (2h)<\/li>\n<li>EPVA (2h)<\/li>\n<li>M\u00fasica (2h)<\/li>\n<li>Religi\u00f3n\/Valores \u00e9ticos (1h)<\/li>\n<\/ul>\n<\/li>\n<\/ul>\n<ul class=\"privacy-listing\">\n<li>Libre disposici\u00f3n\n<ul>\n<li>Programa de Refuerzos (1h)<\/li>\n<li>Animaci\u00f3n a la Lectura y Teatro(1h)<\/li>\n<\/ul>\n<\/li>\n<\/ul>\n<ul class=\"privacy-listing\">\n<li>Optativas (Elegir una entre (2h):)\n<ul>\n<li>Franc\u00e9s<\/li>\n<li>Tecnolog\u00eda Aplicada<\/li>\n<li>Cambios Sociales y G\u00e9nero<\/li>\n<li>Taller de Ingl\u00e9s B\u00e1sico<\/li>\n<\/ul>\n<\/li>\n<\/ul>\n<\/div>\n<p>[\/vc_toggle][vc_toggle title=&#8221;2\u00ba ESO&#8221; style=&#8221;square_outline&#8221; color=&#8221;peacoc&#8221; size=&#8221;sm&#8221;]<\/p>\n<div class=\"col-sm-8 heading-right\">\n<ul class=\"privacy-listing\">\n<li>Troncales generales\n<ul>\n<li>F\u00edsica y Qu\u00edmica (3h)<\/li>\n<li>Geograf\u00eda e Historia (3h)<\/li>\n<li>Lengua (4h)<\/li>\n<li>Matem\u00e1ticas (3h)<\/li>\n<li>Lengua Extranjera Ingl\u00e9s (3h)<\/li>\n<\/ul>\n<\/li>\n<\/ul>\n<ul class=\"privacy-listing\">\n<li>Espec\u00edficas\n<ul>\n<li>Educaci\u00f3n F\u00edsica (2h)<\/li>\n<li>EPVA (2h)<\/li>\n<li>M\u00fasica (2h)<\/li>\n<li>Tecnolog\u00eda (3h)<\/li>\n<li>Religi\u00f3n\/Valores \u00e9ticos (1h)<\/li>\n<\/ul>\n<\/li>\n<\/ul>\n<ul class=\"privacy-listing\">\n<li>Libre disposici\u00f3n\n<ul>\n<li>Taller de Matem\u00e1ticas(1h)<\/li>\n<li>Taller de Ingl\u00e9s(1h)<\/li>\n<\/ul>\n<\/li>\n<\/ul>\n<ul class=\"privacy-listing\">\n<li>Optativas (Elegir una entre (2h):)\n<ul>\n<li>Franc\u00e9s<\/li>\n<li>Cambios Sociales y G\u00e9nero<\/li>\n<\/ul>\n<\/li>\n<\/ul>\n<\/div>\n<p>[\/vc_toggle][vc_toggle title=&#8221;3\u00ba ESO&#8221; style=&#8221;square_outline&#8221; color=&#8221;peacoc&#8221; size=&#8221;sm&#8221;]<\/p>\n<div class=\"col-sm-8 heading-right\">\n<ul class=\"privacy-listing\">\n<li>Troncales generales\n<ul>\n<li>Biolog\u00eda y Geolog\u00eda (2h)<\/li>\n<li>F\u00edsica y Qu\u00edmica (2h)<\/li>\n<li>Geograf\u00eda e Historia (3h)<\/li>\n<li>Lengua (4h)<\/li>\n<li>Matem\u00e1ticas Acad\u00e9micas\/Aplicadas(4h)<\/li>\n<li>Lengua Extranjera Ingl\u00e9s (4h)<\/li>\n<\/ul>\n<\/li>\n<\/ul>\n<ul class=\"privacy-listing\">\n<li>Espec\u00edficas\n<ul>\n<li>Educaci\u00f3n F\u00edsica (2h)<\/li>\n<li>Tecnolog\u00eda (3h)<\/li>\n<li>Educaci\u00f3n para la ciudadan\u00eda (1h)<\/li>\n<li>Religi\u00f3n\/Valores \u00e9ticos (2h)<\/li>\n<\/ul>\n<\/li>\n<\/ul>\n<ul class=\"privacy-listing\">\n<li>Libre disposici\u00f3n\n<ul>\n<li>Franc\u00e9s(2h)<\/li>\n<li>Cultura Cl\u00e1sica(2h)<\/li>\n<li>Cambios Sociales y G\u00e9nero(2h)<\/li>\n<li>Iniciaci\u00f3n a la Actividad Emprendedora y Empresarial(2h)<\/li>\n<li>Educaci\u00f3n Pl\u00e1stica Visual y Audiovisual(2h)<\/li>\n<\/ul>\n<\/li>\n<\/ul>\n<\/div>\n<p>[\/vc_toggle][vc_toggle title=&#8221;4\u00ba ESO (INICIACI\u00d3N AL BACHILLERATO DE CIENCIAS)&#8221; style=&#8221;square_outline&#8221; color=&#8221;peacoc&#8221; size=&#8221;sm&#8221;]<\/p>\n<div class=\"col-sm-8 heading-right\">\n<ul class=\"privacy-listing\">\n<li>Troncales generales\n<ul>\n<li>Geograf\u00eda e Historia (3h)<\/li>\n<li>Lengua Castellana y Literatura (3h)<\/li>\n<li>Primera Lengua Extranjera (3h)<\/li>\n<li>Matem\u00e1ticas Acad\u00e9micas(4h)<\/li>\n<\/ul>\n<\/li>\n<\/ul>\n<ul class=\"privacy-listing\">\n<li>Troncales de Itinerario Ciencias\n<ul>\n<li>F\u00edsica y Qu\u00edmica (3h)<\/li>\n<li>Biolog\u00eda y Geolog\u00eda (3h)<\/li>\n<\/ul>\n<\/li>\n<\/ul>\n<ul class=\"privacy-listing\">\n<li>Espec\u00edficas\n<ul>\n<li>Educaci\u00f3n F\u00edsica (2h)<\/li>\n<li>Religi\u00f3n\/Valores \u00e9ticos (1h)<\/li>\n<\/ul>\n<\/li>\n<\/ul>\n<ul class=\"privacy-listing\">\n<li>Espec\u00edficas de Itinerario Ciencias\n<ul>\n<li>Franc\u00e9s(3h)<\/li>\n<li>Cultura Cl\u00e1sica(3h)<\/li>\n<li>Tecnolog\u00eda(3h)<\/li>\n<li>Tecnolog\u00edas de la Informaci\u00f3n y la Comunicaci\u00f3n(3h)<\/li>\n<\/ul>\n<\/li>\n<\/ul>\n<\/div>\n<p>[\/vc_toggle][vc_toggle title=&#8221;4\u00ba ESO (INICIACI\u00d3N AL HUMANIDADES Y CIENCIAS SOCIALES)&#8221; style=&#8221;square_outline&#8221; color=&#8221;peacoc&#8221; size=&#8221;sm&#8221;]<\/p>\n<div class=\"col-sm-8 heading-right\">\n<ul class=\"privacy-listing\">\n<li>Troncales generales\n<ul>\n<li>Geograf\u00eda e Historia (3h)<\/li>\n<li>Lengua Castellana y Literatura (3h)<\/li>\n<li>Primera Lengua Extranjera (4h)<\/li>\n<li>Matem\u00e1ticas Aplicadas(4h)<\/li>\n<\/ul>\n<\/li>\n<\/ul>\n<ul class=\"privacy-listing\">\n<li>Troncales de Itinerario\n<ul>\n<li>Econom\u00eda (3h)<\/li>\n<li>Lat\u00edn (3h)<\/li>\n<\/ul>\n<\/li>\n<\/ul>\n<ul class=\"privacy-listing\">\n<li>Espec\u00edficas\n<ul>\n<li>Educaci\u00f3n F\u00edsica (2h)<\/li>\n<li>Religi\u00f3n\/Valores \u00e9ticos (1h)<\/li>\n<\/ul>\n<\/li>\n<\/ul>\n<ul class=\"privacy-listing\">\n<li>Espec\u00edficas de Itinerario\n<ul>\n<li>Franc\u00e9s(3h)<\/li>\n<li>Educaci\u00f3n Pl\u00e1stica y Visual(3h)<\/li>\n<li>M\u00fasica(3h)<\/li>\n<li>Tecnolog\u00edas de la Informaci\u00f3n y la Comunicaci\u00f3n(3h)<\/li>\n<\/ul>\n<\/li>\n<\/ul>\n<\/div>\n<p>[\/vc_toggle][vc_toggle title=&#8221;4\u00ba ESO (INICIACI\u00d3N A LA FORMACI\u00d3N PROFESIONAL)&#8221; style=&#8221;square_outline&#8221; color=&#8221;peacoc&#8221; size=&#8221;sm&#8221;]<\/p>\n<div class=\"col-sm-8 heading-right\">\n<ul class=\"privacy-listing\">\n<li>Troncales generales\n<ul>\n<li>Geograf\u00eda e Historia (3h)<\/li>\n<li>Lengua Castellana y Literatura (3h)<\/li>\n<li>Primera Lengua Extranjera (4h)<\/li>\n<li>Matem\u00e1ticas Acad\u00e9micas(4h)<\/li>\n<\/ul>\n<\/li>\n<\/ul>\n<ul class=\"privacy-listing\">\n<li>Troncales de Itinerario\n<ul>\n<li>Ciencias Aplicadas a la Actividad Profesional (3h)<\/li>\n<li>Iniciaci\u00f3n a la Actividad Emprendedora y Empresarial (3h)<\/li>\n<li>Tecnolog\u00eda (3h)<\/li>\n<\/ul>\n<\/li>\n<\/ul>\n<ul class=\"privacy-listing\">\n<li>Espec\u00edficas\n<ul>\n<li>Educaci\u00f3n F\u00edsica (2h)<\/li>\n<li>Religi\u00f3n\/Valores \u00e9ticos (1h)<\/li>\n<\/ul>\n<\/li>\n<\/ul>\n<ul class=\"privacy-listing\">\n<li>Espec\u00edficas de Itinerario Ciencias\n<ul>\n<li>Educaci\u00f3n Pl\u00e1stica Visual y Audiovisual(3h)<\/li>\n<li>Tecnolog\u00edas de la Informaci\u00f3n y la Comunicaci\u00f3n(3h)<\/li>\n<li>M\u00fasica(3h)<\/li>\n<li>Troncal de Opci\u00f3n no elegida del bloque anterior:\n<ul>\n<li>Ciencias Aplicadas a la Actividad Profesional<\/li>\n<li>Iniciaci\u00f3n a la Actividad Emprendedora y Empresarial<\/li>\n<li>Tecnolog\u00eda<\/li>\n<\/ul>\n<\/li>\n<\/ul>\n<\/li>\n<\/ul>\n<\/div>\n<p>[\/vc_toggle][\/vc_column][\/vc_row]<\/p>\n","protected":false},"excerpt":{"rendered":"<p>[vc_row][vc_column][vc_empty_space][\/vc_column][\/vc_row][vc_row][vc_column][vc_column_text] La Educaci\u00f3n Secundaria Obligatoria (ESO) es una etapa educativa obligatoria y gratuita que completa la educaci\u00f3n b\u00e1sica. Comprende dos ciclos: el primero, que corresponde a los cursos primero, segundo y tercero de la etapa; y el segundo, que corresponde al cuarto curso de la etapa. El segundo ciclo de la etapa o cuarto curso [&hellip;]<\/p>\n","protected":false},"author":2,"featured_media":0,"parent":0,"menu_order":0,"comment_status":"closed","ping_status":"closed","template":"template\/contact.php","meta":{"footnotes":""},"class_list":["post-1770","page","type-page","status-publish","hentry"],"_links":{"self":[{"href":"https:\/\/dev.iesislaverde.es\/index.php\/wp-json\/wp\/v2\/pages\/1770","targetHints":{"allow":["GET"]}}],"collection":[{"href":"https:\/\/dev.iesislaverde.es\/index.php\/wp-json\/wp\/v2\/pages"}],"about":[{"href":"https:\/\/dev.iesislaverde.es\/index.php\/wp-json\/wp\/v2\/types\/page"}],"author":[{"embeddable":true,"href":"https:\/\/dev.iesislaverde.es\/index.php\/wp-json\/wp\/v2\/users\/2"}],"replies":[{"embeddable":true,"href":"https:\/\/dev.iesislaverde.es\/index.php\/wp-json\/wp\/v2\/comments?post=1770"}],"version-history":[{"count":1,"href":"https:\/\/dev.iesislaverde.es\/index.php\/wp-json\/wp\/v2\/pages\/1770\/revisions"}],"predecessor-version":[{"id":2004,"href":"https:\/\/dev.iesislaverde.es\/index.php\/wp-json\/wp\/v2\/pages\/1770\/revisions\/2004"}],"wp:attachment":[{"href":"https:\/\/dev.iesislaverde.es\/index.php\/wp-json\/wp\/v2\/media?parent=1770"}],"curies":[{"name":"wp","href":"https:\/\/api.w.org\/{rel}","templated":true}]}}

<p>[vc_row][vc_column][vc_empty_space][/vc_column][/vc_row][vc_row][vc_column][vc_column_text]</p>
<p style="text-align: justify;">La Educación Secundaria Obligatoria (ESO) es una etapa educativa obligatoria y gratuita que completa la educación básica. Comprende dos ciclos: el primero, que corresponde a los cursos primero, segundo y tercero de la etapa; y el segundo, que corresponde al cuarto curso de la etapa. El segundo ciclo de la etapa o cuarto curso tiene un carácter fundamentalmente propedéutico, es decir, su objetivo fundamental es el de preparar para el desarrollo de estudios posteriores.</p>
<p>&nbsp;</p>
<p style="text-align: justify;">La finalidad de la Educación Secundaria Obligatoria consiste en lograr que los alumnos y las alumnas adquieran los elementos básicos de la cultura, especialmente en sus aspectos humanístico, artístico, científico y tecnológico; desarrollar y consolidar en ellos hábitos de estudio y de trabajo; prepararles, como se ha comentado, para su incorporación a estudios posteriores y para su inserción laboral y formarles para el ejercicio de sus derechos y obligaciones en la vida como ciudadanos.</p>
<p>&nbsp;</p>
<p style="text-align: justify;">Esta etapa se organizará de acuerdo con los principios de educación común y de atención a la diversidad del alumnado y en ella se prestará especial atención a la orientación educativa y profesional del alumnado.</p>
<p>&nbsp;</p>
<p style="text-align: justify;">Una vez concluida la etapa de Educación Secundaria Obligatoria, los alumnos y las alumnas tienen diferentes opciones:</p>
<ul class="privacy-listing">
<li>
<p style="text-align: justify;">Si han obtenido el Título de Graduado en Educación Secundaria Obligatoria por la opción de Enseñanzas Académicas, podrán acceder a la etapa de Bachillerato en cualquiera de sus modalidades.</p>
</li>
<li>
<p style="text-align: justify;">Si han obtenido el Título citado por la opción de Enseñanzas Aplicadas, podrán cursar un ciclo de Formación Profesional de grado medio, Enseñanzas Profesionales de Artes Plásticas y Diseño, o Enseñanzas Deportivas de grado medio.</p>
</li>
<li>
<p style="text-align: justify;">El alumnado que habiendo cursado la Educación Secundaria Obligatoria no haya obtenido el Título correspondiente podrá incorporarse a la Educación Permanente para Personas Adultas o presentarse a las pruebas libres para obtener la titulación o a las pruebas de acceso a ciclos formativos.</p>
</li>
</ul>
<p>[/vc_column_text][vc_toggle title=&#8221;1º ESO&#8221; style=&#8221;square_outline&#8221; color=&#8221;peacoc&#8221; size=&#8221;sm&#8221;]</p>
<div class="col-sm-8 heading-right">
<ul class="privacy-listing">
<li>Troncales generales
<ul>
<li>Biología y Geología (3h)</li>
<li>Geografía e Historia (3h)</li>
<li>Lengua (4h)</li>
<li>Matemáticas (4h)</li>
<li>Lengua Extranjera Inglés (4h)</li>
</ul>
</li>
</ul>
<ul class="privacy-listing">
<li>Específicas
<ul>
<li>Educación Física (2h)</li>
<li>EPVA (2h)</li>
<li>Música (2h)</li>
<li>Religión/Valores éticos (1h)</li>
</ul>
</li>
</ul>
<ul class="privacy-listing">
<li>Libre disposición
<ul>
<li>Programa de Refuerzos (1h)</li>
<li>Animación a la Lectura y Teatro(1h)</li>
</ul>
</li>
</ul>
<ul class="privacy-listing">
<li>Optativas (Elegir una entre (2h):)
<ul>
<li>Francés</li>
<li>Tecnología Aplicada</li>
<li>Cambios Sociales y Género</li>
<li>Taller de Inglés Básico</li>
</ul>
</li>
</ul>
</div>
<p>[/vc_toggle][vc_toggle title=&#8221;2º ESO&#8221; style=&#8221;square_outline&#8221; color=&#8221;peacoc&#8221; size=&#8221;sm&#8221;]</p>
<div class="col-sm-8 heading-right">
<ul class="privacy-listing">
<li>Troncales generales
<ul>
<li>Física y Química (3h)</li>
<li>Geografía e Historia (3h)</li>
<li>Lengua (4h)</li>
<li>Matemáticas (3h)</li>
<li>Lengua Extranjera Inglés (3h)</li>
</ul>
</li>
</ul>
<ul class="privacy-listing">
<li>Específicas
<ul>
<li>Educación Física (2h)</li>
<li>EPVA (2h)</li>
<li>Música (2h)</li>
<li>Tecnología (3h)</li>
<li>Religión/Valores éticos (1h)</li>
</ul>
</li>
</ul>
<ul class="privacy-listing">
<li>Libre disposición
<ul>
<li>Taller de Matemáticas(1h)</li>
<li>Taller de Inglés(1h)</li>
</ul>
</li>
</ul>
<ul class="privacy-listing">
<li>Optativas (Elegir una entre (2h):)
<ul>
<li>Francés</li>
<li>Cambios Sociales y Género</li>
</ul>
</li>
</ul>
</div>
<p>[/vc_toggle][vc_toggle title=&#8221;3º ESO&#8221; style=&#8221;square_outline&#8221; color=&#8221;peacoc&#8221; size=&#8221;sm&#8221;]</p>
<div class="col-sm-8 heading-right">
<ul class="privacy-listing">
<li>Troncales generales
<ul>
<li>Biología y Geología (2h)</li>
<li>Física y Química (2h)</li>
<li>Geografía e Historia (3h)</li>
<li>Lengua (4h)</li>
<li>Matemáticas Académicas/Aplicadas(4h)</li>
<li>Lengua Extranjera Inglés (4h)</li>
</ul>
</li>
</ul>
<ul class="privacy-listing">
<li>Específicas
<ul>
<li>Educación Física (2h)</li>
<li>Tecnología (3h)</li>
<li>Educación para la ciudadanía (1h)</li>
<li>Religión/Valores éticos (2h)</li>
</ul>
</li>
</ul>
<ul class="privacy-listing">
<li>Libre disposición
<ul>
<li>Francés(2h)</li>
<li>Cultura Clásica(2h)</li>
<li>Cambios Sociales y Género(2h)</li>
<li>Iniciación a la Actividad Emprendedora y Empresarial(2h)</li>
<li>Educación Plástica Visual y Audiovisual(2h)</li>
</ul>
</li>
</ul>
</div>
<p>[/vc_toggle][vc_toggle title=&#8221;4º ESO (INICIACIÓN AL BACHILLERATO DE CIENCIAS)&#8221; style=&#8221;square_outline&#8221; color=&#8221;peacoc&#8221; size=&#8221;sm&#8221;]</p>
<div class="col-sm-8 heading-right">
<ul class="privacy-listing">
<li>Troncales generales
<ul>
<li>Geografía e Historia (3h)</li>
<li>Lengua Castellana y Literatura (3h)</li>
<li>Primera Lengua Extranjera (3h)</li>
<li>Matemáticas Académicas(4h)</li>
</ul>
</li>
</ul>
<ul class="privacy-listing">
<li>Troncales de Itinerario Ciencias
<ul>
<li>Física y Química (3h)</li>
<li>Biología y Geología (3h)</li>
</ul>
</li>
</ul>
<ul class="privacy-listing">
<li>Específicas
<ul>
<li>Educación Física (2h)</li>
<li>Religión/Valores éticos (1h)</li>
</ul>
</li>
</ul>
<ul class="privacy-listing">
<li>Específicas de Itinerario Ciencias
<ul>
<li>Francés(3h)</li>
<li>Cultura Clásica(3h)</li>
<li>Tecnología(3h)</li>
<li>Tecnologías de la Información y la Comunicación(3h)</li>
</ul>
</li>
</ul>
</div>
<p>[/vc_toggle][vc_toggle title=&#8221;4º ESO (INICIACIÓN AL HUMANIDADES Y CIENCIAS SOCIALES)&#8221; style=&#8221;square_outline&#8221; color=&#8221;peacoc&#8221; size=&#8221;sm&#8221;]</p>
<div class="col-sm-8 heading-right">
<ul class="privacy-listing">
<li>Troncales generales
<ul>
<li>Geografía e Historia (3h)</li>
<li>Lengua Castellana y Literatura (3h)</li>
<li>Primera Lengua Extranjera (4h)</li>
<li>Matemáticas Aplicadas(4h)</li>
</ul>
</li>
</ul>
<ul class="privacy-listing">
<li>Troncales de Itinerario
<ul>
<li>Economía (3h)</li>
<li>Latín (3h)</li>
</ul>
</li>
</ul>
<ul class="privacy-listing">
<li>Específicas
<ul>
<li>Educación Física (2h)</li>
<li>Religión/Valores éticos (1h)</li>
</ul>
</li>
</ul>
<ul class="privacy-listing">
<li>Específicas de Itinerario
<ul>
<li>Francés(3h)</li>
<li>Educación Plástica y Visual(3h)</li>
<li>Música(3h)</li>
<li>Tecnologías de la Información y la Comunicación(3h)</li>
</ul>
</li>
</ul>
</div>
<p>[/vc_toggle][vc_toggle title=&#8221;4º ESO (INICIACIÓN A LA FORMACIÓN PROFESIONAL)&#8221; style=&#8221;square_outline&#8221; color=&#8221;peacoc&#8221; size=&#8221;sm&#8221;]</p>
<div class="col-sm-8 heading-right">
<ul class="privacy-listing">
<li>Troncales generales
<ul>
<li>Geografía e Historia (3h)</li>
<li>Lengua Castellana y Literatura (3h)</li>
<li>Primera Lengua Extranjera (4h)</li>
<li>Matemáticas Académicas(4h)</li>
</ul>
</li>
</ul>
<ul class="privacy-listing">
<li>Troncales de Itinerario
<ul>
<li>Ciencias Aplicadas a la Actividad Profesional (3h)</li>
<li>Iniciación a la Actividad Emprendedora y Empresarial (3h)</li>
<li>Tecnología (3h)</li>
</ul>
</li>
</ul>
<ul class="privacy-listing">
<li>Específicas
<ul>
<li>Educación Física (2h)</li>
<li>Religión/Valores éticos (1h)</li>
</ul>
</li>
</ul>
<ul class="privacy-listing">
<li>Específicas de Itinerario Ciencias
<ul>
<li>Educación Plástica Visual y Audiovisual(3h)</li>
<li>Tecnologías de la Información y la Comunicación(3h)</li>
<li>Música(3h)</li>
<li>Troncal de Opción no elegida del bloque anterior:
<ul>
<li>Ciencias Aplicadas a la Actividad Profesional</li>
<li>Iniciación a la Actividad Emprendedora y Empresarial</li>
<li>Tecnología</li>
</ul>
</li>
</ul>
</li>
</ul>
</div>
<p>[/vc_toggle][/vc_column][/vc_row]</p>

<p>[vc_row][vc_column][vc_empty_space][/vc_column][/vc_row][vc_row][vc_column][vc_column_text] La Educación Secundaria Obligatoria (ESO) es una etapa educativa obligatoria y gratuita que completa la educación básica. Comprende dos ciclos: el primero, que corresponde a los cursos primero, segundo y tercero de la etapa; y el segundo, que corresponde al cuarto curso de la etapa. El segundo ciclo de la etapa o cuarto curso [&hellip;]</p>
