{"id":2195,"date":"2019-02-27T09:04:08","date_gmt":"2019-02-27T09:04:08","guid":{"rendered":"http:\/\/www.iesislaverde.es\/?page_id=2195"},"modified":"2021-06-09T17:45:06","modified_gmt":"2021-06-09T17:45:06","slug":"cuaderno-orientacion-2","status":"publish","type":"page","link":"https:\/\/dev.iesislaverde.es\/index.php\/cuaderno-orientacion-2\/","title":{"rendered":"Departamento de Orientaci\u00f3n. Documentos."},"content":{"rendered":"<p>[vc_row][vc_column][vc_empty_space][\/vc_column][\/vc_row][vc_row][vc_column][vc_column_text]<\/p>\n<ul class=\"privacy-listing\">\n<li><a href=\"http:\/\/www.orientaline.es\/?yafxb=58784\">Aplicaci\u00f3n ORIENTALINE<\/a><\/li>\n<li><a href=\"https:\/\/dev.iesislaverde.es\/wp-content\/uploads\/2021\/05\/GUIA_OAP_2021_V_4_compressed.pdf\"> Cuaderno de Orientaci\u00f3n<\/a><\/li>\n<li><a href=\"https:\/\/distritounicoandaluz.ceceu.junta-andalucia.es\/?q=grados&amp;d=g_b_parametros_prox_top.php\">Par\u00e1metros de Ponderaci\u00f3n de la prueba de admisi\u00f3n<\/a><\/li>\n<li><a href=\"http:\/\/www.juntadeandalucia.es\/economiayconocimiento\/sguit\/\">P\u00e1gina del distrito \u00fanico Andaluz de Universidades<\/a><\/li>\n<li><a href=\"https:\/\/www.juntadeandalucia.es\/educacion\/portals\/web\/formacion-profesional-andaluza\/quiero-formarme\/ensenanzas\/fp-grado-superior\/catalogo\">Oferta FP: cat\u00e1logo de t\u00edtulos completo<\/a><\/li>\n<li><a href=\"https:\/\/drive.google.com\/file\/d\/1qkqA2Gek_oluBkJvKNpwkxT1FQ-ZOUjq\/view?usp=sharing\">Oferta provincial de FPB<\/a><\/li>\n<li><a href=\"https:\/\/drive.google.com\/file\/d\/17dkzQmrRFTqh3qgh20v6ujPDzh4Zq0Px\/view?usp=sharing\">Oferta provincial de CCFF de Grado Medio<\/a><\/li>\n<li><a href=\"https:\/\/drive.google.com\/file\/d\/1lItaykbHlZrFRXnTeyCy9KcHf6Op-PPx\/view?usp=sharing\">Oferta provincial de CCFF de Grado Superior<\/a><\/li>\n<li>Plan de Centro: Plan de Orientaci\u00f3n y Acci\u00f3n Tutorial<\/li>\n<li>Plan de Centro: Plan de Atenci\u00f3n a la diversidad.<\/li>\n<\/ul>\n<p>[\/vc_column_text][\/vc_column][\/vc_row]<\/p>\n","protected":false},"excerpt":{"rendered":"<p>[vc_row][vc_column][vc_empty_space][\/vc_column][\/vc_row][vc_row][vc_column][vc_column_text] Aplicaci\u00f3n ORIENTALINE Cuaderno de Orientaci\u00f3n Par\u00e1metros de Ponderaci\u00f3n de la prueba de admisi\u00f3n P\u00e1gina del distrito \u00fanico Andaluz de Universidades Oferta FP: cat\u00e1logo de t\u00edtulos completo Oferta provincial de FPB Oferta provincial de CCFF de Grado Medio Oferta provincial de CCFF de Grado Superior Plan de Centro: Plan de Orientaci\u00f3n y Acci\u00f3n Tutorial Plan [&hellip;]<\/p>\n","protected":false},"author":15,"featured_media":0,"parent":0,"menu_order":0,"comment_status":"closed","ping_status":"closed","template":"template\/contact.php","meta":{"footnotes":""},"class_list":["post-2195","page","type-page","status-publish","hentry"],"_links":{"self":[{"href":"https:\/\/dev.iesislaverde.es\/index.php\/wp-json\/wp\/v2\/pages\/2195","targetHints":{"allow":["GET"]}}],"collection":[{"href":"https:\/\/dev.iesislaverde.es\/index.php\/wp-json\/wp\/v2\/pages"}],"about":[{"href":"https:\/\/dev.iesislaverde.es\/index.php\/wp-json\/wp\/v2\/types\/page"}],"author":[{"embeddable":true,"href":"https:\/\/dev.iesislaverde.es\/index.php\/wp-json\/wp\/v2\/users\/15"}],"replies":[{"embeddable":true,"href":"https:\/\/dev.iesislaverde.es\/index.php\/wp-json\/wp\/v2\/comments?post=2195"}],"version-history":[{"count":9,"href":"https:\/\/dev.iesislaverde.es\/index.php\/wp-json\/wp\/v2\/pages\/2195\/revisions"}],"predecessor-version":[{"id":3323,"href":"https:\/\/dev.iesislaverde.es\/index.php\/wp-json\/wp\/v2\/pages\/2195\/revisions\/3323"}],"wp:attachment":[{"href":"https:\/\/dev.iesislaverde.es\/index.php\/wp-json\/wp\/v2\/media?parent=2195"}],"curies":[{"name":"wp","href":"https:\/\/api.w.org\/{rel}","templated":true}]}}

Departamento de Orientación. Documentos.

<p>[vc_row][vc_column][vc_empty_space][/vc_column][/vc_row][vc_row][vc_column][vc_column_text]</p>
<ul class="privacy-listing">
<li><a href="http://www.orientaline.es/?yafxb=58784">Aplicación ORIENTALINE</a></li>
<li><a href="https://dev.iesislaverde.es/wp-content/uploads/2021/05/GUIA_OAP_2021_V_4_compressed.pdf"> Cuaderno de Orientación</a></li>
<li><a href="https://distritounicoandaluz.ceceu.junta-andalucia.es/?q=grados&amp;d=g_b_parametros_prox_top.php">Parámetros de Ponderación de la prueba de admisión</a></li>
<li><a href="http://www.juntadeandalucia.es/economiayconocimiento/sguit/">Página del distrito único Andaluz de Universidades</a></li>
<li><a href="https://www.juntadeandalucia.es/educacion/portals/web/formacion-profesional-andaluza/quiero-formarme/ensenanzas/fp-grado-superior/catalogo">Oferta FP: catálogo de títulos completo</a></li>
<li><a href="https://drive.google.com/file/d/1qkqA2Gek_oluBkJvKNpwkxT1FQ-ZOUjq/view?usp=sharing">Oferta provincial de FPB</a></li>
<li><a href="https://drive.google.com/file/d/17dkzQmrRFTqh3qgh20v6ujPDzh4Zq0Px/view?usp=sharing">Oferta provincial de CCFF de Grado Medio</a></li>
<li><a href="https://drive.google.com/file/d/1lItaykbHlZrFRXnTeyCy9KcHf6Op-PPx/view?usp=sharing">Oferta provincial de CCFF de Grado Superior</a></li>
<li>Plan de Centro: Plan de Orientación y Acción Tutorial</li>
<li>Plan de Centro: Plan de Atención a la diversidad.</li>
</ul>
<p>[/vc_column_text][/vc_column][/vc_row]</p>

<p>[vc_row][vc_column][vc_empty_space][/vc_column][/vc_row][vc_row][vc_column][vc_column_text] Aplicación ORIENTALINE Cuaderno de Orientación Parámetros de Ponderación de la prueba de admisión Página del distrito único Andaluz de Universidades Oferta FP: catálogo de títulos completo Oferta provincial de FPB Oferta provincial de CCFF de Grado Medio Oferta provincial de CCFF de Grado Superior Plan de Centro: Plan de Orientación y Acción Tutorial Plan [&hellip;]</p>
