{"id":2437,"date":"2019-11-17T19:23:37","date_gmt":"2019-11-17T19:23:37","guid":{"rendered":"https:\/\/www.iesislaverde.es\/?page_id=2437"},"modified":"2019-11-17T21:58:02","modified_gmt":"2019-11-17T21:58:02","slug":"oferta-educativa-2","status":"publish","type":"page","link":"https:\/\/dev.iesislaverde.es\/index.php\/oferta-educativa-2\/","title":{"rendered":"OFERTA EDUCATIVA"},"content":{"rendered":"<p>[vc_row][vc_column][vc_empty_space][vc_column_text]Puedes ver toda la oferta educativa de nuestro centro donde se podr\u00e1 solicitar admisi\u00f3n en los periodos establecidos:<\/p>\n<p>ESO y Bachillerato: del 1 al 30 de marzo.<\/p>\n<p>Formaci\u00f3n profesional: del 15 al 30 de junio[\/vc_column_text][\/vc_column][\/vc_row][vc_row][vc_column parallax=&#8221;content-moving&#8221; parallax_image=&#8221;368&#8243;]<ul class=\"row our-links\">\n    <li class=\"col-sm-4 apply-online clearfix equal-hight\">\n      <div class=\"icon\"><img decoding=\"async\" src=\"https:\/\/dev.iesislaverde.es\/wp-content\/uploads\/2019\/11\/eso.jpg\" class=\"img-responsive\" alt=\"\"><\/div>\n      <div class=\"detail\">\n        <h3>ESO<\/h3>\n        <p>Educaci\u00f3n Secundaria Obligaroria<\/p>\n        <a href=\"https:\/\/dev.iesislaverde.es\/index.php\/eso\/\" class=\"more\"><i class=\"fa fa-angle-right\" aria-hidden=\"true\"><\/i><\/a> <\/div>\n    <\/li>\n      <li class=\"col-sm-4 apply-online clearfix equal-hight\">\n      <div class=\"icon\"><img decoding=\"async\" src=\"https:\/\/dev.iesislaverde.es\/wp-content\/uploads\/2019\/11\/bach.jpg\" class=\"img-responsive\" alt=\"\"><\/div>\n      <div class=\"detail\">\n        <h3>Bachillerato<\/h3>\n        <p>Ciencias; Humanidades y Ciencias Sociales<\/p>\n        <a href=\"https:\/\/dev.iesislaverde.es\/index.php\/bachillerato\/\" class=\"more\"><i class=\"fa fa-angle-right\" aria-hidden=\"true\"><\/i><\/a> <\/div>\n    <\/li>\n      <li class=\"col-sm-4 apply-online clearfix equal-hight\">\n      <div class=\"icon\"><img decoding=\"async\" src=\"https:\/\/dev.iesislaverde.es\/wp-content\/uploads\/2017\/08\/course-img2.jpg\" class=\"img-responsive\" alt=\"\"><\/div>\n      <div class=\"detail\">\n        <h3>FP\/ FP DUAL<\/h3>\n        <p>Ciclos Formativos<\/p>\n        <a href=\"https:\/\/dev.iesislaverde.es\/index.php\/ciclos-formativos\" class=\"more\"><i class=\"fa fa-angle-right\" aria-hidden=\"true\"><\/i><\/a> <\/div>\n    <\/li>\n   \n<\/ul>\n[\/vc_column][\/vc_row]<\/p>\n","protected":false},"excerpt":{"rendered":"<p>[vc_row][vc_column][vc_empty_space][vc_column_text]Puedes ver toda la oferta educativa de nuestro centro donde se podr\u00e1 solicitar admisi\u00f3n en los periodos establecidos: ESO y Bachillerato: del 1 al 30 de marzo. Formaci\u00f3n profesional: del 15 al 30 de junio[\/vc_column_text][\/vc_column][\/vc_row][vc_row][vc_column parallax=&#8221;content-moving&#8221; parallax_image=&#8221;368&#8243;][\/vc_column][\/vc_row]<\/p>\n","protected":false},"author":15,"featured_media":0,"parent":0,"menu_order":0,"comment_status":"closed","ping_status":"closed","template":"template\/contact.php","meta":{"footnotes":""},"class_list":["post-2437","page","type-page","status-publish","hentry"],"_links":{"self":[{"href":"https:\/\/dev.iesislaverde.es\/index.php\/wp-json\/wp\/v2\/pages\/2437","targetHints":{"allow":["GET"]}}],"collection":[{"href":"https:\/\/dev.iesislaverde.es\/index.php\/wp-json\/wp\/v2\/pages"}],"about":[{"href":"https:\/\/dev.iesislaverde.es\/index.php\/wp-json\/wp\/v2\/types\/page"}],"author":[{"embeddable":true,"href":"https:\/\/dev.iesislaverde.es\/index.php\/wp-json\/wp\/v2\/users\/15"}],"replies":[{"embeddable":true,"href":"https:\/\/dev.iesislaverde.es\/index.php\/wp-json\/wp\/v2\/comments?post=2437"}],"version-history":[{"count":7,"href":"https:\/\/dev.iesislaverde.es\/index.php\/wp-json\/wp\/v2\/pages\/2437\/revisions"}],"predecessor-version":[{"id":2464,"href":"https:\/\/dev.iesislaverde.es\/index.php\/wp-json\/wp\/v2\/pages\/2437\/revisions\/2464"}],"wp:attachment":[{"href":"https:\/\/dev.iesislaverde.es\/index.php\/wp-json\/wp\/v2\/media?parent=2437"}],"curies":[{"name":"wp","href":"https:\/\/api.w.org\/{rel}","templated":true}]}}

<p>[vc_row][vc_column][vc_empty_space][vc_column_text]Puedes ver toda la oferta educativa de nuestro centro donde se podrá solicitar admisión en los periodos establecidos:</p>
<p>ESO y Bachillerato: del 1 al 30 de marzo.</p>
<p>Formación profesional: del 15 al 30 de junio[/vc_column_text][/vc_column][/vc_row][vc_row][vc_column parallax=&#8221;content-moving&#8221; parallax_image=&#8221;368&#8243;]<ul class="row our-links">
    <li class="col-sm-4 apply-online clearfix equal-hight">
      <div class="icon"><img decoding="async" src="https://dev.iesislaverde.es/wp-content/uploads/2019/11/eso.jpg" class="img-responsive" alt=""></div>
      <div class="detail">
        <h3>ESO</h3>
        <p>Educación Secundaria Obligaroria</p>
        <a href="https://dev.iesislaverde.es/index.php/eso/" class="more"><i class="fa fa-angle-right" aria-hidden="true"></i></a> </div>
    </li>
      <li class="col-sm-4 apply-online clearfix equal-hight">
      <div class="icon"><img decoding="async" src="https://dev.iesislaverde.es/wp-content/uploads/2019/11/bach.jpg" class="img-responsive" alt=""></div>
      <div class="detail">
        <h3>Bachillerato</h3>
        <p>Ciencias; Humanidades y Ciencias Sociales</p>
        <a href="https://dev.iesislaverde.es/index.php/bachillerato/" class="more"><i class="fa fa-angle-right" aria-hidden="true"></i></a> </div>
    </li>
      <li class="col-sm-4 apply-online clearfix equal-hight">
      <div class="icon"><img decoding="async" src="https://dev.iesislaverde.es/wp-content/uploads/2017/08/course-img2.jpg" class="img-responsive" alt=""></div>
      <div class="detail">
        <h3>FP/ FP DUAL</h3>
        <p>Ciclos Formativos</p>
        <a href="https://dev.iesislaverde.es/index.php/ciclos-formativos" class="more"><i class="fa fa-angle-right" aria-hidden="true"></i></a> </div>
    </li>
   
</ul>
[/vc_column][/vc_row]</p>

<p>[vc_row][vc_column][vc_empty_space][vc_column_text]Puedes ver toda la oferta educativa de nuestro centro donde se podrá solicitar admisión en los periodos establecidos: ESO y Bachillerato: del 1 al 30 de marzo. Formación profesional: del 15 al 30 de junio[/vc_column_text][/vc_column][/vc_row][vc_row][vc_column parallax=&#8221;content-moving&#8221; parallax_image=&#8221;368&#8243;][/vc_column][/vc_row]</p>
