{"id":2633,"date":"2020-04-04T22:53:51","date_gmt":"2020-04-04T22:53:51","guid":{"rendered":"https:\/\/www.iesislaverde.es\/?page_id=2633"},"modified":"2020-12-01T09:22:37","modified_gmt":"2020-12-01T09:22:37","slug":"revista_tripode","status":"publish","type":"page","link":"https:\/\/dev.iesislaverde.es\/index.php\/revista_tripode\/","title":{"rendered":"Hemeroteca Revista Tr\u00edpode."},"content":{"rendered":"<p>[vc_row][vc_column][vc_empty_space][\/vc_column][\/vc_row][vc_row][vc_column][vc_column_text]<\/p>\n<p style=\"text-align: justify;\"><img loading=\"lazy\" decoding=\"async\" class=\"wp-image-2647 size-medium alignright\" src=\"https:\/\/dev.iesislaverde.es\/wp-content\/uploads\/2020\/04\/tripode_2-300x271.png\" alt=\"\" width=\"300\" height=\"271\" srcset=\"https:\/\/dev.iesislaverde.es\/wp-content\/uploads\/2020\/04\/tripode_2-300x271.png 300w, https:\/\/dev.iesislaverde.es\/wp-content\/uploads\/2020\/04\/tripode_2.png 456w\" sizes=\"auto, (max-width: 300px) 100vw, 300px\" \/>Con motivo del 50 aniversario del Instituto queremos dar difusi\u00f3n a la revista Tr\u00edpode del centro, como s\u00edmbolo de su historia. En estas p\u00e1ginas se condensa la Historia de los a\u00f1os 80 y 90 del nuestro Instituto Isla Verde. Son p\u00e1ginas cargadas de entusiasmo, creatividad, modernidad, talento, que emociona verlas y leerlas.\u00a0 A todos aquellos que participaron, desde este rinc\u00f3n nuestro homenaje.<\/p>\n<ul class=\"privacy-listing\">\n<li><a href=\"https:\/\/dev.iesislaverde.es\/wp-content\/uploads\/2020\/05\/Tr\u00edpode-N-4-1983-1_compressed.pdf\">n\u00ba4-1983<\/a><\/li>\n<li><a href=\"https:\/\/dev.iesislaverde.es\/wp-content\/uploads\/2020\/05\/Tr\u00edpode-N-5-1984_compressed.pdf\">n\u00ba5-1984<\/a><\/li>\n<li><a href=\"https:\/\/dev.iesislaverde.es\/wp-content\/uploads\/2020\/05\/Tr\u00edpode-N-6-1985_compressed.pdf\">n\u00ba6-1985<\/a><\/li>\n<li><a href=\"https:\/\/dev.iesislaverde.es\/wp-content\/uploads\/2020\/05\/Tr\u00edpode-N7-1986_compressed.pdf\">n\u00ba7-1986<\/a><\/li>\n<li><a href=\"https:\/\/dev.iesislaverde.es\/wp-content\/uploads\/2020\/05\/Tr\u00edpode-N-8-1987_compressed.pdf\">n\u00ba8-1987<\/a><\/li>\n<li><a href=\"https:\/\/dev.iesislaverde.es\/wp-content\/uploads\/2020\/05\/Tr\u00edpode-N9-1990_compressed.pdf\">n\u00ba9-1990<\/a><\/li>\n<li><a href=\"https:\/\/dev.iesislaverde.es\/wp-content\/uploads\/2020\/12\/Revista_Tripode_n_10_compressed.pdf\">n\u00ba10-1991<\/a><\/li>\n<li><a href=\"https:\/\/dev.iesislaverde.es\/wp-content\/uploads\/2020\/05\/Tr\u00edpode-11-1992_compressed.pdf\">n\u00ba11-1992<\/a><\/li>\n<li><a href=\"https:\/\/dev.iesislaverde.es\/wp-content\/uploads\/2020\/05\/Tr\u00edpode-12-1992_compressed.pdf\">n\u00ba12-1992 (diciembre)<\/a><\/li>\n<li><a href=\"https:\/\/dev.iesislaverde.es\/wp-content\/uploads\/2020\/05\/Tr\u00edpode-13-1993_compressed.pdf\">n\u00ba13-1993 (marzo)<\/a><\/li>\n<li><a href=\"https:\/\/dev.iesislaverde.es\/wp-content\/uploads\/2020\/05\/tr\u00edpode-n\u00ba-14-1993_compressed.pdf\">n\u00ba14-1993-(junio)<\/a><\/li>\n<li><a href=\"https:\/\/dev.iesislaverde.es\/wp-content\/uploads\/2020\/05\/Tr\u00edpode-16-1994_compressed.pdf\">n\u00ba16-1994 (mayo)<\/a><\/li>\n<li><a href=\"https:\/\/dev.iesislaverde.es\/wp-content\/uploads\/2020\/05\/diario_Tr\u00edpode-N-1-1995.pdf\">n\u00ba1-1995. Diario Tr\u00edpode (febrero)<\/a><\/li>\n<li><a href=\"https:\/\/dev.iesislaverde.es\/wp-content\/uploads\/2020\/05\/diario_Tr\u00edpode-N-2-1995.pdf\">n\u00ba2-1995. Diario Tr\u00edpode (mayo)<\/a><\/li>\n<\/ul>\n<p>[\/vc_column_text][\/vc_column][\/vc_row]<\/p>\n","protected":false},"excerpt":{"rendered":"<p>[vc_row][vc_column][vc_empty_space][\/vc_column][\/vc_row][vc_row][vc_column][vc_column_text] Con motivo del 50 aniversario del Instituto queremos dar difusi\u00f3n a la revista Tr\u00edpode del centro, como s\u00edmbolo de su historia. En estas p\u00e1ginas se condensa la Historia de los a\u00f1os 80 y 90 del nuestro Instituto Isla Verde. Son p\u00e1ginas cargadas de entusiasmo, creatividad, modernidad, talento, que emociona verlas y leerlas.\u00a0 A todos [&hellip;]<\/p>\n","protected":false},"author":15,"featured_media":0,"parent":0,"menu_order":0,"comment_status":"closed","ping_status":"closed","template":"template\/contact.php","meta":{"footnotes":""},"class_list":["post-2633","page","type-page","status-publish","hentry"],"_links":{"self":[{"href":"https:\/\/dev.iesislaverde.es\/index.php\/wp-json\/wp\/v2\/pages\/2633","targetHints":{"allow":["GET"]}}],"collection":[{"href":"https:\/\/dev.iesislaverde.es\/index.php\/wp-json\/wp\/v2\/pages"}],"about":[{"href":"https:\/\/dev.iesislaverde.es\/index.php\/wp-json\/wp\/v2\/types\/page"}],"author":[{"embeddable":true,"href":"https:\/\/dev.iesislaverde.es\/index.php\/wp-json\/wp\/v2\/users\/15"}],"replies":[{"embeddable":true,"href":"https:\/\/dev.iesislaverde.es\/index.php\/wp-json\/wp\/v2\/comments?post=2633"}],"version-history":[{"count":18,"href":"https:\/\/dev.iesislaverde.es\/index.php\/wp-json\/wp\/v2\/pages\/2633\/revisions"}],"predecessor-version":[{"id":3032,"href":"https:\/\/dev.iesislaverde.es\/index.php\/wp-json\/wp\/v2\/pages\/2633\/revisions\/3032"}],"wp:attachment":[{"href":"https:\/\/dev.iesislaverde.es\/index.php\/wp-json\/wp\/v2\/media?parent=2633"}],"curies":[{"name":"wp","href":"https:\/\/api.w.org\/{rel}","templated":true}]}}

Hemeroteca Revista Trípode.

<p>[vc_row][vc_column][vc_empty_space][/vc_column][/vc_row][vc_row][vc_column][vc_column_text]</p>
<p style="text-align: justify;"><img loading="lazy" decoding="async" class="wp-image-2647 size-medium alignright" src="https://dev.iesislaverde.es/wp-content/uploads/2020/04/tripode_2-300x271.png" alt="" width="300" height="271" srcset="https://dev.iesislaverde.es/wp-content/uploads/2020/04/tripode_2-300x271.png 300w, https://dev.iesislaverde.es/wp-content/uploads/2020/04/tripode_2.png 456w" sizes="auto, (max-width: 300px) 100vw, 300px" />Con motivo del 50 aniversario del Instituto queremos dar difusión a la revista Trípode del centro, como símbolo de su historia. En estas páginas se condensa la Historia de los años 80 y 90 del nuestro Instituto Isla Verde. Son páginas cargadas de entusiasmo, creatividad, modernidad, talento, que emociona verlas y leerlas.  A todos aquellos que participaron, desde este rincón nuestro homenaje.</p>
<ul class="privacy-listing">
<li><a href="https://dev.iesislaverde.es/wp-content/uploads/2020/05/Trípode-N-4-1983-1_compressed.pdf">nº4-1983</a></li>
<li><a href="https://dev.iesislaverde.es/wp-content/uploads/2020/05/Trípode-N-5-1984_compressed.pdf">nº5-1984</a></li>
<li><a href="https://dev.iesislaverde.es/wp-content/uploads/2020/05/Trípode-N-6-1985_compressed.pdf">nº6-1985</a></li>
<li><a href="https://dev.iesislaverde.es/wp-content/uploads/2020/05/Trípode-N7-1986_compressed.pdf">nº7-1986</a></li>
<li><a href="https://dev.iesislaverde.es/wp-content/uploads/2020/05/Trípode-N-8-1987_compressed.pdf">nº8-1987</a></li>
<li><a href="https://dev.iesislaverde.es/wp-content/uploads/2020/05/Trípode-N9-1990_compressed.pdf">nº9-1990</a></li>
<li><a href="https://dev.iesislaverde.es/wp-content/uploads/2020/12/Revista_Tripode_n_10_compressed.pdf">nº10-1991</a></li>
<li><a href="https://dev.iesislaverde.es/wp-content/uploads/2020/05/Trípode-11-1992_compressed.pdf">nº11-1992</a></li>
<li><a href="https://dev.iesislaverde.es/wp-content/uploads/2020/05/Trípode-12-1992_compressed.pdf">nº12-1992 (diciembre)</a></li>
<li><a href="https://dev.iesislaverde.es/wp-content/uploads/2020/05/Trípode-13-1993_compressed.pdf">nº13-1993 (marzo)</a></li>
<li><a href="https://dev.iesislaverde.es/wp-content/uploads/2020/05/trípode-nº-14-1993_compressed.pdf">nº14-1993-(junio)</a></li>
<li><a href="https://dev.iesislaverde.es/wp-content/uploads/2020/05/Trípode-16-1994_compressed.pdf">nº16-1994 (mayo)</a></li>
<li><a href="https://dev.iesislaverde.es/wp-content/uploads/2020/05/diario_Trípode-N-1-1995.pdf">nº1-1995. Diario Trípode (febrero)</a></li>
<li><a href="https://dev.iesislaverde.es/wp-content/uploads/2020/05/diario_Trípode-N-2-1995.pdf">nº2-1995. Diario Trípode (mayo)</a></li>
</ul>
<p>[/vc_column_text][/vc_column][/vc_row]</p>

<p>[vc_row][vc_column][vc_empty_space][/vc_column][/vc_row][vc_row][vc_column][vc_column_text] Con motivo del 50 aniversario del Instituto queremos dar difusión a la revista Trípode del centro, como símbolo de su historia. En estas páginas se condensa la Historia de los años 80 y 90 del nuestro Instituto Isla Verde. Son páginas cargadas de entusiasmo, creatividad, modernidad, talento, que emociona verlas y leerlas.  A todos [&hellip;]</p>
