{"id":3092,"date":"2021-01-31T09:48:54","date_gmt":"2021-01-31T09:48:54","guid":{"rendered":"https:\/\/www.iesislaverde.es\/?page_id=3092"},"modified":"2021-09-28T21:45:28","modified_gmt":"2021-09-28T21:45:28","slug":"erasmus-e-internacionalizacion","status":"publish","type":"page","link":"https:\/\/dev.iesislaverde.es\/index.php\/erasmus-e-internacionalizacion\/","title":{"rendered":"Erasmus e Internacionalizaci\u00f3n"},"content":{"rendered":"<p>[vc_row][vc_column][vc_empty_space][\/vc_column][\/vc_row][vc_row][vc_column][vc_column_text]<\/p>\n<p style=\"text-align: justify;\"><img loading=\"lazy\" decoding=\"async\" class=\"size-medium wp-image-3095 alignright\" src=\"https:\/\/dev.iesislaverde.es\/wp-content\/uploads\/2021\/01\/erasmus-300x66.png\" alt=\"\" width=\"300\" height=\"66\" srcset=\"https:\/\/dev.iesislaverde.es\/wp-content\/uploads\/2021\/01\/erasmus-300x66.png 300w, https:\/\/dev.iesislaverde.es\/wp-content\/uploads\/2021\/01\/erasmus.png 479w\" sizes=\"auto, (max-width: 300px) 100vw, 300px\" \/>Desde el curso 2017 nuestro instituto marca como objetivo la internacionalizaci\u00f3n de nuestras ense\u00f1anzas. La dimensi\u00f3n de nuestro centro y la oferta de ense\u00f1anzas incluye la posibilidad de que el alumnado y el profesorado pueda ejercer acciones de inmersi\u00f3n e intercambio tanto para el desarrollo de buenas pr\u00e1cticas con centros de la UE, de proyectos de innovaci\u00f3n en com\u00fan y para la realizaci\u00f3n de las pr\u00e1cticas de formaci\u00f3n profesional del alumnado de Educaci\u00f3n Superior. En estos momentos se desarrollan acciones enfocadas en proyectos a distancia mediante la utilizaci\u00f3n de herramientas digitales como proyectos e-Twinning y similares, adem\u00e1s de proyectar acciones de acreditaci\u00f3n K-120 y de educaci\u00f3n superior K-103. En el siguiente blog os presentamos las acciones m\u00e1s importantes que se han desarrollado o que se desarrollan en estos momentos:<\/p>\n<ul class=\"privacy-listing\">\n<li><a href=\"https:\/\/dev.iesislaverde.es\/index.php\/carta_erasmus\/\">Carta ECHE de Educaci\u00f3n Superior (KA-103)<\/a><\/li>\n<li><a href=\"https:\/\/todayormayday.wordpress.com\/?fbclid=IwAR1JrIOP1ZuEt1-3OyAdd_gXH--0qEmKjA1yPYd0g8xNM5EVp3RLnIHmEgM\">P\u00e1gina del proyecto eTwinning &#8220;Today or Mayday&#8221;<\/a><\/li>\n<\/ul>\n<p>[\/vc_column_text][\/vc_column][\/vc_row][vc_row][vc_column][vc_masonry_grid post_type=&#8221;post&#8221; max_items=&#8221;6&#8243; grid_id=&#8221;vc_gid:1632865476560-398d62ea-1423-7&#8243;][\/vc_column][\/vc_row]<\/p>\n","protected":false},"excerpt":{"rendered":"<p>[vc_row][vc_column][vc_empty_space][\/vc_column][\/vc_row][vc_row][vc_column][vc_column_text] Desde el curso 2017 nuestro instituto marca como objetivo la internacionalizaci\u00f3n de nuestras ense\u00f1anzas. La dimensi\u00f3n de nuestro centro y la oferta de ense\u00f1anzas incluye la posibilidad de que el alumnado y el profesorado pueda ejercer acciones de inmersi\u00f3n e intercambio tanto para el desarrollo de buenas pr\u00e1cticas con centros de la UE, de [&hellip;]<\/p>\n","protected":false},"author":15,"featured_media":0,"parent":0,"menu_order":0,"comment_status":"closed","ping_status":"closed","template":"template\/contact.php","meta":{"footnotes":""},"class_list":["post-3092","page","type-page","status-publish","hentry"],"_links":{"self":[{"href":"https:\/\/dev.iesislaverde.es\/index.php\/wp-json\/wp\/v2\/pages\/3092","targetHints":{"allow":["GET"]}}],"collection":[{"href":"https:\/\/dev.iesislaverde.es\/index.php\/wp-json\/wp\/v2\/pages"}],"about":[{"href":"https:\/\/dev.iesislaverde.es\/index.php\/wp-json\/wp\/v2\/types\/page"}],"author":[{"embeddable":true,"href":"https:\/\/dev.iesislaverde.es\/index.php\/wp-json\/wp\/v2\/users\/15"}],"replies":[{"embeddable":true,"href":"https:\/\/dev.iesislaverde.es\/index.php\/wp-json\/wp\/v2\/comments?post=3092"}],"version-history":[{"count":25,"href":"https:\/\/dev.iesislaverde.es\/index.php\/wp-json\/wp\/v2\/pages\/3092\/revisions"}],"predecessor-version":[{"id":3533,"href":"https:\/\/dev.iesislaverde.es\/index.php\/wp-json\/wp\/v2\/pages\/3092\/revisions\/3533"}],"wp:attachment":[{"href":"https:\/\/dev.iesislaverde.es\/index.php\/wp-json\/wp\/v2\/media?parent=3092"}],"curies":[{"name":"wp","href":"https:\/\/api.w.org\/{rel}","templated":true}]}}

Erasmus e Internacionalización

<p>[vc_row][vc_column][vc_empty_space][/vc_column][/vc_row][vc_row][vc_column][vc_column_text]</p>
<p style="text-align: justify;"><img loading="lazy" decoding="async" class="size-medium wp-image-3095 alignright" src="https://dev.iesislaverde.es/wp-content/uploads/2021/01/erasmus-300x66.png" alt="" width="300" height="66" srcset="https://dev.iesislaverde.es/wp-content/uploads/2021/01/erasmus-300x66.png 300w, https://dev.iesislaverde.es/wp-content/uploads/2021/01/erasmus.png 479w" sizes="auto, (max-width: 300px) 100vw, 300px" />Desde el curso 2017 nuestro instituto marca como objetivo la internacionalización de nuestras enseñanzas. La dimensión de nuestro centro y la oferta de enseñanzas incluye la posibilidad de que el alumnado y el profesorado pueda ejercer acciones de inmersión e intercambio tanto para el desarrollo de buenas prácticas con centros de la UE, de proyectos de innovación en común y para la realización de las prácticas de formación profesional del alumnado de Educación Superior. En estos momentos se desarrollan acciones enfocadas en proyectos a distancia mediante la utilización de herramientas digitales como proyectos e-Twinning y similares, además de proyectar acciones de acreditación K-120 y de educación superior K-103. En el siguiente blog os presentamos las acciones más importantes que se han desarrollado o que se desarrollan en estos momentos:</p>
<ul class="privacy-listing">
<li><a href="https://dev.iesislaverde.es/index.php/carta_erasmus/">Carta ECHE de Educación Superior (KA-103)</a></li>
<li><a href="https://todayormayday.wordpress.com/?fbclid=IwAR1JrIOP1ZuEt1-3OyAdd_gXH--0qEmKjA1yPYd0g8xNM5EVp3RLnIHmEgM">Página del proyecto eTwinning &#8220;Today or Mayday&#8221;</a></li>
</ul>
<p>[/vc_column_text][/vc_column][/vc_row][vc_row][vc_column][vc_masonry_grid post_type=&#8221;post&#8221; max_items=&#8221;6&#8243; grid_id=&#8221;vc_gid:1632865476560-398d62ea-1423-7&#8243;][/vc_column][/vc_row]</p>

<p>[vc_row][vc_column][vc_empty_space][/vc_column][/vc_row][vc_row][vc_column][vc_column_text] Desde el curso 2017 nuestro instituto marca como objetivo la internacionalización de nuestras enseñanzas. La dimensión de nuestro centro y la oferta de enseñanzas incluye la posibilidad de que el alumnado y el profesorado pueda ejercer acciones de inmersión e intercambio tanto para el desarrollo de buenas prácticas con centros de la UE, de [&hellip;]</p>
