{"id":560,"date":"2018-05-02T18:33:21","date_gmt":"2018-05-02T18:33:21","guid":{"rendered":"http:\/\/www.iesislaverde.es\/?page_id=560"},"modified":"2019-11-16T23:01:28","modified_gmt":"2019-11-16T23:01:28","slug":"equipo-directivo","status":"publish","type":"page","link":"https:\/\/dev.iesislaverde.es\/index.php\/equipo-directivo\/","title":{"rendered":"Equipo Directivo"},"content":{"rendered":"<p>[vc_row][vc_column][vc_empty_space][\/vc_column][\/vc_row][vc_row][vc_column][vc_column_text]<\/p>\n<ul class=\"privacy-listing\">\n<li>Director: D. Francisco de As\u00eds Iglesias Rodr\u00edguez<\/li>\n<li>Vicedirectora: D\u00f1a. Inmaculada Jim\u00e9nez Romero<\/li>\n<li>Jefe de estudios: D. Emilio Rodr\u00edguez-Manche\u00f1o Gallardo<\/li>\n<li>Secretario: D. Jorge Acedo Campa\u00f1a<\/li>\n<li>Jefa de Estudios Adjunta: D\u00f1a. M\u00aa Dolores Aldana Morillo<\/li>\n<li>Jefe de Estudios Adjunto: D. David Moreno Ortiz<\/li>\n<\/ul>\n<p>[\/vc_column_text][\/vc_column][\/vc_row]<\/p>\n","protected":false},"excerpt":{"rendered":"<p>[vc_row][vc_column][vc_empty_space][\/vc_column][\/vc_row][vc_row][vc_column][vc_column_text] Director: D. Francisco de As\u00eds Iglesias Rodr\u00edguez Vicedirectora: D\u00f1a. Inmaculada Jim\u00e9nez Romero Jefe de estudios: D. Emilio Rodr\u00edguez-Manche\u00f1o Gallardo Secretario: D. Jorge Acedo Campa\u00f1a Jefa de Estudios Adjunta: D\u00f1a. M\u00aa Dolores Aldana Morillo Jefe de Estudios Adjunto: D. David Moreno Ortiz [\/vc_column_text][\/vc_column][\/vc_row]<\/p>\n","protected":false},"author":15,"featured_media":0,"parent":0,"menu_order":0,"comment_status":"closed","ping_status":"closed","template":"template\/contact.php","meta":{"footnotes":""},"class_list":["post-560","page","type-page","status-publish","hentry"],"_links":{"self":[{"href":"https:\/\/dev.iesislaverde.es\/index.php\/wp-json\/wp\/v2\/pages\/560","targetHints":{"allow":["GET"]}}],"collection":[{"href":"https:\/\/dev.iesislaverde.es\/index.php\/wp-json\/wp\/v2\/pages"}],"about":[{"href":"https:\/\/dev.iesislaverde.es\/index.php\/wp-json\/wp\/v2\/types\/page"}],"author":[{"embeddable":true,"href":"https:\/\/dev.iesislaverde.es\/index.php\/wp-json\/wp\/v2\/users\/15"}],"replies":[{"embeddable":true,"href":"https:\/\/dev.iesislaverde.es\/index.php\/wp-json\/wp\/v2\/comments?post=560"}],"version-history":[{"count":1,"href":"https:\/\/dev.iesislaverde.es\/index.php\/wp-json\/wp\/v2\/pages\/560\/revisions"}],"predecessor-version":[{"id":2366,"href":"https:\/\/dev.iesislaverde.es\/index.php\/wp-json\/wp\/v2\/pages\/560\/revisions\/2366"}],"wp:attachment":[{"href":"https:\/\/dev.iesislaverde.es\/index.php\/wp-json\/wp\/v2\/media?parent=560"}],"curies":[{"name":"wp","href":"https:\/\/api.w.org\/{rel}","templated":true}]}}

<p>[vc_row][vc_column][vc_empty_space][/vc_column][/vc_row][vc_row][vc_column][vc_column_text]</p>
<ul class="privacy-listing">
<li>Director: D. Francisco de Asís Iglesias Rodríguez</li>
<li>Vicedirectora: Dña. Inmaculada Jiménez Romero</li>
<li>Jefe de estudios: D. Emilio Rodríguez-Mancheño Gallardo</li>
<li>Secretario: D. Jorge Acedo Campaña</li>
<li>Jefa de Estudios Adjunta: Dña. Mª Dolores Aldana Morillo</li>
<li>Jefe de Estudios Adjunto: D. David Moreno Ortiz</li>
</ul>
<p>[/vc_column_text][/vc_column][/vc_row]</p>

<p>[vc_row][vc_column][vc_empty_space][/vc_column][/vc_row][vc_row][vc_column][vc_column_text] Director: D. Francisco de Asís Iglesias Rodríguez Vicedirectora: Dña. Inmaculada Jiménez Romero Jefe de estudios: D. Emilio Rodríguez-Mancheño Gallardo Secretario: D. Jorge Acedo Campaña Jefa de Estudios Adjunta: Dña. Mª Dolores Aldana Morillo Jefe de Estudios Adjunto: D. David Moreno Ortiz [/vc_column_text][/vc_column][/vc_row]</p>
