{"id":591,"date":"2018-05-02T18:45:42","date_gmt":"2018-05-02T18:45:42","guid":{"rendered":"http:\/\/www.iesislaverde.es\/?page_id=591"},"modified":"2021-01-13T10:00:12","modified_gmt":"2021-01-13T10:00:12","slug":"plan-de-autoproteccion","status":"publish","type":"page","link":"https:\/\/dev.iesislaverde.es\/index.php\/plan-de-autoproteccion\/","title":{"rendered":"Plan de Autoprotecci\u00f3n"},"content":{"rendered":"<p>[vc_row][vc_column][vc_empty_space][\/vc_column][\/vc_row][vc_row][vc_column][vc_column_text]<\/p>\n<h2>Horario Coordinador Curso 2020\/2021<\/h2>\n<ul class=\"privacy-listing\">\n<li>Atenci\u00f3n a la comunidad educativa. Mi\u00e9rcoles 11:55 a 12:55 horas. Dpto. Comercio y Marketing.<\/li>\n<li>Email incidencias o sugerencias: davidmoreno@iesislaverde.es<\/li>\n<\/ul>\n<p>[\/vc_column_text][\/vc_column][\/vc_row][vc_row][vc_column][vc_zigzag color=&#8221;green&#8221;][\/vc_column][\/vc_row][vc_row][vc_column][vc_column_text]<\/p>\n<h2>INFORMACI\u00d3N SOBRE EL PLAN DE AUTOPROTECCI\u00d3N<\/h2>\n<ul class=\"privacy-listing\">\n<li><a href=\"https:\/\/www.dropbox.com\/s\/nznun3aw98jzpvx\/Plan%20Autoproteccion%20IES%20Isla%20Verde%2030%20jun%202014%20para%20web.pdf?dl=0\">Plan de Autoprotecci\u00f3n<\/a> (Revisi\u00f3n junio 2012 y prorrogado hasta la actualidad)<\/li>\n<li><a href=\"https:\/\/drive.google.com\/file\/d\/1Doh0RFrVVWvZh3FNK46BUoSiiGODx31H\/view?usp=sharing\">Normas generales de actuaci\u00f3n<\/a><\/li>\n<li><a href=\"https:\/\/drive.google.com\/file\/d\/1DrtLH9ZJtzo30y4cLLei-JkhwFsW5Kki\/view?usp=sharing\">Se\u00f1alizaciones y normas de actuaci\u00f3n para visitantes<\/a><\/li>\n<li><a href=\"https:\/\/drive.google.com\/file\/d\/1DwicyZc9qXJ05-v7uJUJgcwVwveho0zo\/view?usp=sharing\">Informaci\u00f3n general para usuarios<\/a><\/li>\n<li><a href=\"https:\/\/drive.google.com\/file\/d\/1EN8g2a-b8ARsvFIPwbDVM1RG5KLiHmqr\/view?usp=sharing\">Utilizaci\u00f3n de bocas de incendio equipadas<\/a><\/li>\n<li><a href=\"https:\/\/drive.google.com\/file\/d\/1EhTduLOCyrRwaOc3TZfpis7F8Rc_0iwt\/view?usp=sharing\">Utilizaci\u00f3n de extintores<\/a><\/li>\n<li>Planos de evacuaci\u00f3n (para poner en las aulas o espacios comunes)\n<ul>\n<li><a href=\"https:\/\/www.dropbox.com\/sh\/umbqsghm9ivml0a\/AADgpLtmjQEm7axjDbfN0Cy1a?dl=0\">Planos edificio 1<\/a><\/li>\n<li><a href=\"https:\/\/www.dropbox.com\/sh\/nf8gqo5khzw1d7a\/AABd0wgkP9RlrMsmS-Y5lWcQa?dl=0\">Planos edificio 2<\/a><\/li>\n<li><a href=\"https:\/\/www.dropbox.com\/s\/p388np9t2kmmzrj\/00%20PLANO%20GENERAL%20PUNTOS%20DE%20ENCUENTRO.PDF?dl=0\">Plano general puntos de encuentro<\/a><\/li>\n<\/ul>\n<\/li>\n<\/ul>\n<p>[\/vc_column_text][\/vc_column][\/vc_row][vc_row][vc_column][vc_zigzag color=&#8221;green&#8221;][\/vc_column][\/vc_row][vc_row][vc_column][vc_column_text]<\/p>\n<h2>INFORMACI\u00d3N DE INTER\u00c9S PARA EL PROFESORADO<\/h2>\n<ul class=\"privacy-listing\">\n<li><a href=\"https:\/\/drive.google.com\/file\/d\/1EmHUQX3RCUN_8vr8uM9Xa410Fr5M71ur\/view?usp=sharing\"><span class=\"scayt-misspell\" data-scayt_word=\"extintores\" data-scaytid=\"46\">Riesgos en el uso de pantallas de ordenador.<\/span><\/a><\/li>\n<li><a href=\"https:\/\/drive.google.com\/file\/d\/1Eo06jokA7zVjHvJYwj6B1i3GkOVtk1Hg\/view?usp=sharing\"><span class=\"scayt-misspell\" data-scayt_word=\"extintores\" data-scaytid=\"46\">Prevenci\u00f3n de alteraciones de la voz.<\/span><\/a><\/li>\n<li><a href=\"https:\/\/www.dropbox.com\/s\/mwxmnfcwpdasut9\/Trastornos%20musculo%20esqueleticos.pps?dl=0\"><span class=\"scayt-misspell\" data-scayt_word=\"extintores\" data-scaytid=\"46\">Prevenci\u00f3n de trastornos m\u00fasculos esquel\u00e9ticos.<\/span><\/a><\/li>\n<li><a href=\"https:\/\/drive.google.com\/file\/d\/1F-yJhc9WE_D-gCg92px6JOzyjYlZ6kXM\/view?usp=sharing\">Riesgos y medidas preventivas asociados a la seguridad en los centros docentes<\/a><\/li>\n<\/ul>\n<p>[\/vc_column_text][\/vc_column][\/vc_row][vc_row][vc_column][vc_zigzag color=&#8221;green&#8221;][\/vc_column][\/vc_row][vc_row][vc_column][vc_column_text]<\/p>\n<h2>INFORMACI\u00d3N DE INTER\u00c9S PARA EL ALUMNADO<\/h2>\n<ul class=\"privacy-listing\">\n<li><a href=\"https:\/\/drive.google.com\/file\/d\/1EylaDHf0JON2oBPOQ92zmFx5luBDwsfa\/view?usp=sharing\">Folleto de seguridad digital.<\/a><\/li>\n<\/ul>\n<p>[\/vc_column_text][\/vc_column][\/vc_row][vc_row][vc_column][vc_zigzag color=&#8221;green&#8221;][\/vc_column][\/vc_row][vc_row][vc_column][vc_column_text]<\/p>\n<h2>Instrucciones del simulacro de evacuaci\u00f3n<\/h2>\n<ul class=\"privacy-listing\">\n<li><a href=\"https:\/\/drive.google.com\/file\/d\/1FBSe8oj4_1AikqgV61gS3kUwXtMJQB1x\/view?usp=sharing\" target=\"_blank\" rel=\"noopener noreferrer\">Instrucciones de evacuaci\u00f3n<\/a><\/li>\n<\/ul>\n<p>[\/vc_column_text][\/vc_column][\/vc_row]<\/p>\n","protected":false},"excerpt":{"rendered":"<p>[vc_row][vc_column][vc_empty_space][\/vc_column][\/vc_row][vc_row][vc_column][vc_column_text] Horario Coordinador Curso 2020\/2021 Atenci\u00f3n a la comunidad educativa. Mi\u00e9rcoles 11:55 a 12:55 horas. Dpto. Comercio y Marketing. Email incidencias o sugerencias: davidmoreno@iesislaverde.es [\/vc_column_text][\/vc_column][\/vc_row][vc_row][vc_column][vc_zigzag color=&#8221;green&#8221;][\/vc_column][\/vc_row][vc_row][vc_column][vc_column_text] INFORMACI\u00d3N SOBRE EL PLAN DE AUTOPROTECCI\u00d3N Plan de Autoprotecci\u00f3n (Revisi\u00f3n junio 2012 y prorrogado hasta la actualidad) Normas generales de actuaci\u00f3n Se\u00f1alizaciones y normas de actuaci\u00f3n para visitantes Informaci\u00f3n [&hellip;]<\/p>\n","protected":false},"author":15,"featured_media":0,"parent":0,"menu_order":0,"comment_status":"closed","ping_status":"closed","template":"template\/contact.php","meta":{"footnotes":""},"class_list":["post-591","page","type-page","status-publish","hentry"],"_links":{"self":[{"href":"https:\/\/dev.iesislaverde.es\/index.php\/wp-json\/wp\/v2\/pages\/591","targetHints":{"allow":["GET"]}}],"collection":[{"href":"https:\/\/dev.iesislaverde.es\/index.php\/wp-json\/wp\/v2\/pages"}],"about":[{"href":"https:\/\/dev.iesislaverde.es\/index.php\/wp-json\/wp\/v2\/types\/page"}],"author":[{"embeddable":true,"href":"https:\/\/dev.iesislaverde.es\/index.php\/wp-json\/wp\/v2\/users\/15"}],"replies":[{"embeddable":true,"href":"https:\/\/dev.iesislaverde.es\/index.php\/wp-json\/wp\/v2\/comments?post=591"}],"version-history":[{"count":10,"href":"https:\/\/dev.iesislaverde.es\/index.php\/wp-json\/wp\/v2\/pages\/591\/revisions"}],"predecessor-version":[{"id":3559,"href":"https:\/\/dev.iesislaverde.es\/index.php\/wp-json\/wp\/v2\/pages\/591\/revisions\/3559"}],"wp:attachment":[{"href":"https:\/\/dev.iesislaverde.es\/index.php\/wp-json\/wp\/v2\/media?parent=591"}],"curies":[{"name":"wp","href":"https:\/\/api.w.org\/{rel}","templated":true}]}}

Plan de Autoprotección

<p>[vc_row][vc_column][vc_empty_space][/vc_column][/vc_row][vc_row][vc_column][vc_column_text]</p>
<h2>Horario Coordinador Curso 2020/2021</h2>
<ul class="privacy-listing">
<li>Atención a la comunidad educativa. Miércoles 11:55 a 12:55 horas. Dpto. Comercio y Marketing.</li>
<li>Email incidencias o sugerencias: davidmoreno@iesislaverde.es</li>
</ul>
<p>[/vc_column_text][/vc_column][/vc_row][vc_row][vc_column][vc_zigzag color=&#8221;green&#8221;][/vc_column][/vc_row][vc_row][vc_column][vc_column_text]</p>
<h2>INFORMACIÓN SOBRE EL PLAN DE AUTOPROTECCIÓN</h2>
<ul class="privacy-listing">
<li><a href="https://www.dropbox.com/s/nznun3aw98jzpvx/Plan%20Autoproteccion%20IES%20Isla%20Verde%2030%20jun%202014%20para%20web.pdf?dl=0">Plan de Autoprotección</a> (Revisión junio 2012 y prorrogado hasta la actualidad)</li>
<li><a href="https://drive.google.com/file/d/1Doh0RFrVVWvZh3FNK46BUoSiiGODx31H/view?usp=sharing">Normas generales de actuación</a></li>
<li><a href="https://drive.google.com/file/d/1DrtLH9ZJtzo30y4cLLei-JkhwFsW5Kki/view?usp=sharing">Señalizaciones y normas de actuación para visitantes</a></li>
<li><a href="https://drive.google.com/file/d/1DwicyZc9qXJ05-v7uJUJgcwVwveho0zo/view?usp=sharing">Información general para usuarios</a></li>
<li><a href="https://drive.google.com/file/d/1EN8g2a-b8ARsvFIPwbDVM1RG5KLiHmqr/view?usp=sharing">Utilización de bocas de incendio equipadas</a></li>
<li><a href="https://drive.google.com/file/d/1EhTduLOCyrRwaOc3TZfpis7F8Rc_0iwt/view?usp=sharing">Utilización de extintores</a></li>
<li>Planos de evacuación (para poner en las aulas o espacios comunes)
<ul>
<li><a href="https://www.dropbox.com/sh/umbqsghm9ivml0a/AADgpLtmjQEm7axjDbfN0Cy1a?dl=0">Planos edificio 1</a></li>
<li><a href="https://www.dropbox.com/sh/nf8gqo5khzw1d7a/AABd0wgkP9RlrMsmS-Y5lWcQa?dl=0">Planos edificio 2</a></li>
<li><a href="https://www.dropbox.com/s/p388np9t2kmmzrj/00%20PLANO%20GENERAL%20PUNTOS%20DE%20ENCUENTRO.PDF?dl=0">Plano general puntos de encuentro</a></li>
</ul>
</li>
</ul>
<p>[/vc_column_text][/vc_column][/vc_row][vc_row][vc_column][vc_zigzag color=&#8221;green&#8221;][/vc_column][/vc_row][vc_row][vc_column][vc_column_text]</p>
<h2>INFORMACIÓN DE INTERÉS PARA EL PROFESORADO</h2>
<ul class="privacy-listing">
<li><a href="https://drive.google.com/file/d/1EmHUQX3RCUN_8vr8uM9Xa410Fr5M71ur/view?usp=sharing"><span class="scayt-misspell" data-scayt_word="extintores" data-scaytid="46">Riesgos en el uso de pantallas de ordenador.</span></a></li>
<li><a href="https://drive.google.com/file/d/1Eo06jokA7zVjHvJYwj6B1i3GkOVtk1Hg/view?usp=sharing"><span class="scayt-misspell" data-scayt_word="extintores" data-scaytid="46">Prevención de alteraciones de la voz.</span></a></li>
<li><a href="https://www.dropbox.com/s/mwxmnfcwpdasut9/Trastornos%20musculo%20esqueleticos.pps?dl=0"><span class="scayt-misspell" data-scayt_word="extintores" data-scaytid="46">Prevención de trastornos músculos esqueléticos.</span></a></li>
<li><a href="https://drive.google.com/file/d/1F-yJhc9WE_D-gCg92px6JOzyjYlZ6kXM/view?usp=sharing">Riesgos y medidas preventivas asociados a la seguridad en los centros docentes</a></li>
</ul>
<p>[/vc_column_text][/vc_column][/vc_row][vc_row][vc_column][vc_zigzag color=&#8221;green&#8221;][/vc_column][/vc_row][vc_row][vc_column][vc_column_text]</p>
<h2>INFORMACIÓN DE INTERÉS PARA EL ALUMNADO</h2>
<ul class="privacy-listing">
<li><a href="https://drive.google.com/file/d/1EylaDHf0JON2oBPOQ92zmFx5luBDwsfa/view?usp=sharing">Folleto de seguridad digital.</a></li>
</ul>
<p>[/vc_column_text][/vc_column][/vc_row][vc_row][vc_column][vc_zigzag color=&#8221;green&#8221;][/vc_column][/vc_row][vc_row][vc_column][vc_column_text]</p>
<h2>Instrucciones del simulacro de evacuación</h2>
<ul class="privacy-listing">
<li><a href="https://drive.google.com/file/d/1FBSe8oj4_1AikqgV61gS3kUwXtMJQB1x/view?usp=sharing" target="_blank" rel="noopener noreferrer">Instrucciones de evacuación</a></li>
</ul>
<p>[/vc_column_text][/vc_column][/vc_row]</p>

<p>[vc_row][vc_column][vc_empty_space][/vc_column][/vc_row][vc_row][vc_column][vc_column_text] Horario Coordinador Curso 2020/2021 Atención a la comunidad educativa. Miércoles 11:55 a 12:55 horas. Dpto. Comercio y Marketing. Email incidencias o sugerencias: davidmoreno@iesislaverde.es [/vc_column_text][/vc_column][/vc_row][vc_row][vc_column][vc_zigzag color=&#8221;green&#8221;][/vc_column][/vc_row][vc_row][vc_column][vc_column_text] INFORMACIÓN SOBRE EL PLAN DE AUTOPROTECCIÓN Plan de Autoprotección (Revisión junio 2012 y prorrogado hasta la actualidad) Normas generales de actuación Señalizaciones y normas de actuación para visitantes Información [&hellip;]</p>
