{"id":593,"date":"2018-05-02T18:45:42","date_gmt":"2018-05-02T18:45:42","guid":{"rendered":"http:\/\/www.iesislaverde.es\/?page_id=593"},"modified":"2019-11-16T23:01:29","modified_gmt":"2019-11-16T23:01:29","slug":"justificacion-faltas-asistencia","status":"publish","type":"page","link":"https:\/\/dev.iesislaverde.es\/index.php\/justificacion-faltas-asistencia\/","title":{"rendered":"Justificaci\u00f3n Faltas Asistencia"},"content":{"rendered":"<p>[vc_row][vc_column][vc_column_text]<\/p>\n<div class=\"row padding-lg\">\n<div class=\"col-sm-12\">\n<ol class=\"ord-listing\">\n<li>La asistencia a clase es obligatoria para todo el alumnado. Las faltas de asistencia deber\u00e1n ser justificadas ante el\/la tutor\/a correspondiente en tiempo y forma, es decir, dentro de los dos d\u00edas siguientes a la ausencia. El modelo de justificante estar\u00e1 disponible en la copister\u00eda del Centro y en la Web del centro a continuaci\u00f3n (ANEXO III).<\/li>\n<li>El modelo de justificante del alumno\/a menor de edad ser\u00e1 firmado por su padre, madre o tutor legal. Dicho modelo de justificante debe ir acompa\u00f1ado de documento administrativo o m\u00e9dico que motive la ausencia.<\/li>\n<li>El tutor\/a proceder\u00e1 al recuento y notificaci\u00f3n de las faltas de asistencia, al menos, una vez al mes, seg\u00fan el calendario elaborado desde Jefatura de Estudios.<\/li>\n<li>La reiteraci\u00f3n de faltas (horas) injustificadas o de puntualidad del alumnado a clase supondr\u00e1 una falta contraria a las normas de convivencia del Centro, de manera que el alumno\/a de ESO y Bachillerato que acumule doce horas injustificadas o seis retrasos en un mismo mes, se proceder\u00e1 a la amonestaci\u00f3n por parte del \/ de la tutor\/a. Si el\/la alumno\/a reincide en este tipo de conducta comenzar\u00e1n los tr\u00e1mites por parte del tutor\/a para incoar la sanci\u00f3n correspondiente.<\/li>\n<li>Jefatura de Estudios, previa comunicaci\u00f3n al profesor que imparte la materia o asignatura en la que el alumnado de Bachillerato ha superado el 5% de faltas injustificadas comunicar\u00e1 por escrito a sus representes legales , o al alumnado en caso de mayor\u00eda de edad, los efectos que puede acarrear dicha circunstancia en su evaluaci\u00f3n.<\/li>\n<li>El alumnado de Bachillerato que acumule un n\u00famero de faltas injustificadas que supere el 10% de faltas injustificadas en una materia,y el profesor\/a considere que se dan circunstancias que imposibilitan la aplicaci\u00f3n de la evaluaci\u00f3n continua a ese alumnado solicitar\u00e1 al tutor o tutora del grupo que comunique por escrito tal circunstancia.<\/li>\n<li>Queda, en todo caso, salvaguardado el derecho del alumnado a presentarse a las pruebas de evaluaci\u00f3n que se determinen.<\/li>\n<\/ol>\n<\/div>\n<\/div>\n<p dir=\"ltr\" style=\"text-align: justify;\"><strong>Enlace hacia el papel de faltas de asistencia:<\/strong><\/p>\n<p dir=\"ltr\" style=\"text-align: justify;\"><a href=\"https:\/\/dev.iesislaverde.es\/wp-content\/uploads\/2019\/11\/a_8_VIII_Justificaci\u00f3n-Faltas-Asistencia.pdf\">Justificaci\u00f3n Faltas Asistencia<\/a><\/p>\n<p>[\/vc_column_text][\/vc_column][\/vc_row]<\/p>\n","protected":false},"excerpt":{"rendered":"<p>[vc_row][vc_column][vc_column_text] La asistencia a clase es obligatoria para todo el alumnado. Las faltas de asistencia deber\u00e1n ser justificadas ante el\/la tutor\/a correspondiente en tiempo y forma, es decir, dentro de los dos d\u00edas siguientes a la ausencia. El modelo de justificante estar\u00e1 disponible en la copister\u00eda del Centro y en la Web del centro a [&hellip;]<\/p>\n","protected":false},"author":15,"featured_media":0,"parent":0,"menu_order":0,"comment_status":"closed","ping_status":"closed","template":"template\/contact.php","meta":{"footnotes":""},"class_list":["post-593","page","type-page","status-publish","hentry"],"_links":{"self":[{"href":"https:\/\/dev.iesislaverde.es\/index.php\/wp-json\/wp\/v2\/pages\/593","targetHints":{"allow":["GET"]}}],"collection":[{"href":"https:\/\/dev.iesislaverde.es\/index.php\/wp-json\/wp\/v2\/pages"}],"about":[{"href":"https:\/\/dev.iesislaverde.es\/index.php\/wp-json\/wp\/v2\/types\/page"}],"author":[{"embeddable":true,"href":"https:\/\/dev.iesislaverde.es\/index.php\/wp-json\/wp\/v2\/users\/15"}],"replies":[{"embeddable":true,"href":"https:\/\/dev.iesislaverde.es\/index.php\/wp-json\/wp\/v2\/comments?post=593"}],"version-history":[{"count":3,"href":"https:\/\/dev.iesislaverde.es\/index.php\/wp-json\/wp\/v2\/pages\/593\/revisions"}],"predecessor-version":[{"id":2318,"href":"https:\/\/dev.iesislaverde.es\/index.php\/wp-json\/wp\/v2\/pages\/593\/revisions\/2318"}],"wp:attachment":[{"href":"https:\/\/dev.iesislaverde.es\/index.php\/wp-json\/wp\/v2\/media?parent=593"}],"curies":[{"name":"wp","href":"https:\/\/api.w.org\/{rel}","templated":true}]}}

Justificación Faltas Asistencia

<p>[vc_row][vc_column][vc_column_text]</p>
<div class="row padding-lg">
<div class="col-sm-12">
<ol class="ord-listing">
<li>La asistencia a clase es obligatoria para todo el alumnado. Las faltas de asistencia deberán ser justificadas ante el/la tutor/a correspondiente en tiempo y forma, es decir, dentro de los dos días siguientes a la ausencia. El modelo de justificante estará disponible en la copistería del Centro y en la Web del centro a continuación (ANEXO III).</li>
<li>El modelo de justificante del alumno/a menor de edad será firmado por su padre, madre o tutor legal. Dicho modelo de justificante debe ir acompañado de documento administrativo o médico que motive la ausencia.</li>
<li>El tutor/a procederá al recuento y notificación de las faltas de asistencia, al menos, una vez al mes, según el calendario elaborado desde Jefatura de Estudios.</li>
<li>La reiteración de faltas (horas) injustificadas o de puntualidad del alumnado a clase supondrá una falta contraria a las normas de convivencia del Centro, de manera que el alumno/a de ESO y Bachillerato que acumule doce horas injustificadas o seis retrasos en un mismo mes, se procederá a la amonestación por parte del / de la tutor/a. Si el/la alumno/a reincide en este tipo de conducta comenzarán los trámites por parte del tutor/a para incoar la sanción correspondiente.</li>
<li>Jefatura de Estudios, previa comunicación al profesor que imparte la materia o asignatura en la que el alumnado de Bachillerato ha superado el 5% de faltas injustificadas comunicará por escrito a sus representes legales , o al alumnado en caso de mayoría de edad, los efectos que puede acarrear dicha circunstancia en su evaluación.</li>
<li>El alumnado de Bachillerato que acumule un número de faltas injustificadas que supere el 10% de faltas injustificadas en una materia,y el profesor/a considere que se dan circunstancias que imposibilitan la aplicación de la evaluación continua a ese alumnado solicitará al tutor o tutora del grupo que comunique por escrito tal circunstancia.</li>
<li>Queda, en todo caso, salvaguardado el derecho del alumnado a presentarse a las pruebas de evaluación que se determinen.</li>
</ol>
</div>
</div>
<p dir="ltr" style="text-align: justify;"><strong>Enlace hacia el papel de faltas de asistencia:</strong></p>
<p dir="ltr" style="text-align: justify;"><a href="https://dev.iesislaverde.es/wp-content/uploads/2019/11/a_8_VIII_Justificación-Faltas-Asistencia.pdf">Justificación Faltas Asistencia</a></p>
<p>[/vc_column_text][/vc_column][/vc_row]</p>

<p>[vc_row][vc_column][vc_column_text] La asistencia a clase es obligatoria para todo el alumnado. Las faltas de asistencia deberán ser justificadas ante el/la tutor/a correspondiente en tiempo y forma, es decir, dentro de los dos días siguientes a la ausencia. El modelo de justificante estará disponible en la copistería del Centro y en la Web del centro a [&hellip;]</p>
