{"id":594,"date":"2018-05-02T18:45:42","date_gmt":"2018-05-02T18:45:42","guid":{"rendered":"http:\/\/www.iesislaverde.es\/?page_id=594"},"modified":"2019-11-17T08:51:31","modified_gmt":"2019-11-17T08:51:31","slug":"autorizacion","status":"publish","type":"page","link":"https:\/\/dev.iesislaverde.es\/index.php\/autorizacion\/","title":{"rendered":"Autorizaci\u00f3n"},"content":{"rendered":"<p>[vc_row][vc_column][vc_column_text]<\/p>\n<div class=\"row padding-lg\">\n<div class=\"col-sm-12\">\n<ol class=\"ord-listing\">\n<li>Se aplicar\u00e1n las instrucciones dictadas por la Delegaci\u00f3n de Educaci\u00f3n de 7 de diciembre de 2011 especialmente en lo que se refiere a los alumnos repetidores de Bachillerato.<\/li>\n<li>El alumnado del Centro dispondr\u00e1 de un documento acreditativo (Carn\u00e9 de Estudiante) que deber\u00e1 portar en todo momento.<\/li>\n<li>El acceso al Centro y a la totalidad de las instalaciones est\u00e1 prohibido a toda persona ajena a la comunidad educativa durante la jornada escolar, a menos que tenga que realizar trabajos, cumplir servicios previamente contratados o tenga autorizaci\u00f3n de recogida de alg\u00fan miembro.<\/li>\n<li>La jornada escolar comienza a las 8:25. La puerta del instituto permanecer\u00e1 cerrada a partir de las 8:25h y durante las horas lectivas. El port\u00f3n trasero situado junto a las pistas se abrir\u00e1 al alumnado exclusivamente al final de la jornada escolar del Centro.<\/li>\n<li>El alumnado que se incorpore a partir de esa hora permanecer\u00e1 en la biblioteca hasta que se produzca el siguiente cambio de clase. El alumnado mayor de edad que salga durante el recreo se incorporar\u00e1 a las 11:55h. Pasada esa hora no podr\u00e1 acceder a las aulas.<\/li>\n<li>Los incorporaciones tard\u00edas se considerar\u00e1n como conductas contrarias a las normas de convivencia y su acumulaci\u00f3n y reiteraci\u00f3n, como conductas gravemente perjudiciales para la convivencia del centro, sin perjuicio de las consecuencias que dichas incorporaciones puedan acarrear para la derivaci\u00f3n del alumnado a la Comisi\u00f3n de absentismo o sobre la imposibilidad de aplicaci\u00f3n de una evaluaci\u00f3n continua del alumnado en ense\u00f1anza post-obligatoria.<\/li>\n<li>Se alcanza el grado de conducta contraria cuando se produzcan dos incorporaciones tard\u00edas en la semana correspondiendo una amonestaci\u00f3n oral.A las siguiente incorporaci\u00f3n tard\u00eda, se sancionar\u00e1 con un apercibimiento y a la siguiente con p\u00e9rdida del derecho de la asistencia a clases.<\/li>\n<li>Al alumnado que se incorporare a las 9:25 sin motivo justificado, se le requerir\u00e1 en motivo por parte del equipo directivo y se proceder\u00e1 a avisar del retraso a su familia telef\u00f3nicamente en esa misma ma\u00f1ana.<\/li>\n<\/ol>\n<\/div>\n<\/div>\n<p dir=\"ltr\" style=\"padding-left: 30px;\"><strong>Enlace hacia la p\u00e1gina donde podemos encontrar la autorizaci\u00f3n para salir del centro:<\/strong><\/p>\n<p style=\"padding-left: 30px;\"><a href=\"https:\/\/dev.iesislaverde.es\/wp-content\/uploads\/2019\/11\/a_6_VI_Autorizaci\u00f3n_salida_postobligatoria.pdf\">Descargar autorizaci\u00f3n<\/a><\/p>\n<p>[\/vc_column_text][\/vc_column][\/vc_row]<\/p>\n","protected":false},"excerpt":{"rendered":"<p>[vc_row][vc_column][vc_column_text] Se aplicar\u00e1n las instrucciones dictadas por la Delegaci\u00f3n de Educaci\u00f3n de 7 de diciembre de 2011 especialmente en lo que se refiere a los alumnos repetidores de Bachillerato. El alumnado del Centro dispondr\u00e1 de un documento acreditativo (Carn\u00e9 de Estudiante) que deber\u00e1 portar en todo momento. El acceso al Centro y a la totalidad [&hellip;]<\/p>\n","protected":false},"author":15,"featured_media":0,"parent":0,"menu_order":0,"comment_status":"closed","ping_status":"closed","template":"template\/contact.php","meta":{"footnotes":""},"class_list":["post-594","page","type-page","status-publish","hentry"],"_links":{"self":[{"href":"https:\/\/dev.iesislaverde.es\/index.php\/wp-json\/wp\/v2\/pages\/594","targetHints":{"allow":["GET"]}}],"collection":[{"href":"https:\/\/dev.iesislaverde.es\/index.php\/wp-json\/wp\/v2\/pages"}],"about":[{"href":"https:\/\/dev.iesislaverde.es\/index.php\/wp-json\/wp\/v2\/types\/page"}],"author":[{"embeddable":true,"href":"https:\/\/dev.iesislaverde.es\/index.php\/wp-json\/wp\/v2\/users\/15"}],"replies":[{"embeddable":true,"href":"https:\/\/dev.iesislaverde.es\/index.php\/wp-json\/wp\/v2\/comments?post=594"}],"version-history":[{"count":3,"href":"https:\/\/dev.iesislaverde.es\/index.php\/wp-json\/wp\/v2\/pages\/594\/revisions"}],"predecessor-version":[{"id":2317,"href":"https:\/\/dev.iesislaverde.es\/index.php\/wp-json\/wp\/v2\/pages\/594\/revisions\/2317"}],"wp:attachment":[{"href":"https:\/\/dev.iesislaverde.es\/index.php\/wp-json\/wp\/v2\/media?parent=594"}],"curies":[{"name":"wp","href":"https:\/\/api.w.org\/{rel}","templated":true}]}}

Autorización

<p>[vc_row][vc_column][vc_column_text]</p>
<div class="row padding-lg">
<div class="col-sm-12">
<ol class="ord-listing">
<li>Se aplicarán las instrucciones dictadas por la Delegación de Educación de 7 de diciembre de 2011 especialmente en lo que se refiere a los alumnos repetidores de Bachillerato.</li>
<li>El alumnado del Centro dispondrá de un documento acreditativo (Carné de Estudiante) que deberá portar en todo momento.</li>
<li>El acceso al Centro y a la totalidad de las instalaciones está prohibido a toda persona ajena a la comunidad educativa durante la jornada escolar, a menos que tenga que realizar trabajos, cumplir servicios previamente contratados o tenga autorización de recogida de algún miembro.</li>
<li>La jornada escolar comienza a las 8:25. La puerta del instituto permanecerá cerrada a partir de las 8:25h y durante las horas lectivas. El portón trasero situado junto a las pistas se abrirá al alumnado exclusivamente al final de la jornada escolar del Centro.</li>
<li>El alumnado que se incorpore a partir de esa hora permanecerá en la biblioteca hasta que se produzca el siguiente cambio de clase. El alumnado mayor de edad que salga durante el recreo se incorporará a las 11:55h. Pasada esa hora no podrá acceder a las aulas.</li>
<li>Los incorporaciones tardías se considerarán como conductas contrarias a las normas de convivencia y su acumulación y reiteración, como conductas gravemente perjudiciales para la convivencia del centro, sin perjuicio de las consecuencias que dichas incorporaciones puedan acarrear para la derivación del alumnado a la Comisión de absentismo o sobre la imposibilidad de aplicación de una evaluación continua del alumnado en enseñanza post-obligatoria.</li>
<li>Se alcanza el grado de conducta contraria cuando se produzcan dos incorporaciones tardías en la semana correspondiendo una amonestación oral.A las siguiente incorporación tardía, se sancionará con un apercibimiento y a la siguiente con pérdida del derecho de la asistencia a clases.</li>
<li>Al alumnado que se incorporare a las 9:25 sin motivo justificado, se le requerirá en motivo por parte del equipo directivo y se procederá a avisar del retraso a su familia telefónicamente en esa misma mañana.</li>
</ol>
</div>
</div>
<p dir="ltr" style="padding-left: 30px;"><strong>Enlace hacia la página donde podemos encontrar la autorización para salir del centro:</strong></p>
<p style="padding-left: 30px;"><a href="https://dev.iesislaverde.es/wp-content/uploads/2019/11/a_6_VI_Autorización_salida_postobligatoria.pdf">Descargar autorización</a></p>
<p>[/vc_column_text][/vc_column][/vc_row]</p>

<p>[vc_row][vc_column][vc_column_text] Se aplicarán las instrucciones dictadas por la Delegación de Educación de 7 de diciembre de 2011 especialmente en lo que se refiere a los alumnos repetidores de Bachillerato. El alumnado del Centro dispondrá de un documento acreditativo (Carné de Estudiante) que deberá portar en todo momento. El acceso al Centro y a la totalidad [&hellip;]</p>
