{"id":80,"date":"2017-08-04T10:16:57","date_gmt":"2017-08-04T10:16:57","guid":{"rendered":"http:\/\/themetrademark.com\/demo\/edumart\/?page_id=80"},"modified":"2019-11-16T23:03:08","modified_gmt":"2019-11-16T23:03:08","slug":"terms-of-use","status":"publish","type":"page","link":"https:\/\/dev.iesislaverde.es\/index.php\/terms-of-use\/","title":{"rendered":"T\u00e9rminos de uso"},"content":{"rendered":"<p>[vc_row el_class=&#8221;privacy-wrapper padding-lg&#8221;][vc_column][vc_column_text]<\/p>\n<div class=\"entry-content\">\n<h3>\u00a0Normas generales<\/h3>\n<ol>\n<li><strong>La comunidad educativa<\/strong>, entendida como el conjunto de alumnos, profesores, padres y personal de administraci\u00f3n y servicios, <strong>puede disponer de espacios online adecuados a sus necesidades<\/strong> relacionadas con el ejercicio de sus deberes y derechos recogidos en el ROF. El n\u00famero y la naturaleza de esos espacios online depender\u00e1 de los condicionantes t\u00e9cnicos y administrativos que afecten al mantenimiento de la web.<\/li>\n<li>Cada curso <strong>se crear\u00e1n los blogs de aula necesarios<\/strong> para atender las necesidades de cada aula.<\/li>\n<li><strong>Los profesores de cada grupo podr\u00e1n publicar en sus respectivos blogs de aula<\/strong>, y<strong> los alumnos tendr\u00e1n acceso a los contenidos<\/strong> que publiquen.<\/li>\n<li>A petici\u00f3n del profesorado de cada grupo <strong>se proporcionar\u00e1 acceso adecuado a los alumnos para facilitar su participaci\u00f3n<\/strong>. Los espacios de participaci\u00f3n podr\u00e1n ser p\u00fablicos o privados.<\/li>\n<li>Los usuarios con derechos de publicaci\u00f3n dispondr\u00e1n de un <strong>nombre de usuario y contrase\u00f1a<\/strong> que les permitir\u00e1n identificarse para obtener acceso a sus contenidos.<\/li>\n<li>Cada usuario <strong>debe conservar esos datos y evitar que otros los conozcan<\/strong>. Igualmente <strong>cada usuario acceder\u00e1 exclusivamente con su propio nombre y contrase\u00f1a<\/strong>.<\/li>\n<li><strong>Todos los usuarios se obligan a identificarse adecuadamente editando sus perfiles de manera que muestren sus nombres completos reales<\/strong>. S\u00f3lo los usuarios identificados tendr\u00e1n acceso a esa informaci\u00f3n.<\/li>\n<li>Todas las actividades realizadas en esta web (comentarios, publicaciones, intervenciones en los grupos y foros, etc.) <strong>quedan registradas autom\u00e1ticamente, asociadas al nombre de usuario e IP del ordenador con el que se efect\u00faan<\/strong>. Este registro se conserva incluso despu\u00e9s de eliminar la actividad.<\/li>\n<li>Se recuerda la obligaci\u00f3n de <strong>mantener siempre un tono educado y respetuoso<\/strong> en las comunicaciones entre los distintos miembros de la comunidad educativa. Se subraya adem\u00e1s la conveniencia de que las intervenciones en blogs, foros y grupos sean siempre constructivas, incluso en la cr\u00edtica, debido a la naturaleza educativa de esta web.<\/li>\n<li>Los usuarios <strong>evitar\u00e1n exponer en cualquier \u00e1rea de esta web cualquier tipo de informaci\u00f3n o documento del tipo que sea, incluyendo expresamente im\u00e1genes y videos, que atenten contra el derecho a la privacidad y\/o el honor de las personas<\/strong>.<\/li>\n<li>Los administradores y editores de blogs, grupos y foros <strong>velar\u00e1n por que se mantengan la cordialidad y el respeto mutuo<\/strong> en las \u00e1reas de las que sean responsables, pudiendo incluso vetar total o parcialmente el acceso a quienes incumplan con reiteraci\u00f3n o gravemente los puntos 9 y 10.<\/li>\n<li>A su requerimiento, <strong>podr\u00eda otorgarse acceso a cualquier \u00e1rea a miembros de la directiva, orientaci\u00f3n o el profesorado para que puedan cumplir tareas de supervisi\u00f3n relacionadas con el buen funcionamiento del Centro<\/strong>. Igualmente el coordinador TIC tendr\u00e1 acceso a cualquier \u00e1rea para resolver asuntos relacionados con el mantenimiento t\u00e9cnico de la web o con labores de asesor\u00eda a usuarios.<\/li>\n<\/ol>\n<\/div>\n<p>[\/vc_column_text][\/vc_column][\/vc_row]<\/p>\n","protected":false},"excerpt":{"rendered":"<p>[vc_row el_class=&#8221;privacy-wrapper padding-lg&#8221;][vc_column][vc_column_text] \u00a0Normas generales La comunidad educativa, entendida como el conjunto de alumnos, profesores, padres y personal de administraci\u00f3n y servicios, puede disponer de espacios online adecuados a sus necesidades relacionadas con el ejercicio de sus deberes y derechos recogidos en el ROF. El n\u00famero y la naturaleza de esos espacios online depender\u00e1 de [&hellip;]<\/p>\n","protected":false},"author":15,"featured_media":0,"parent":0,"menu_order":0,"comment_status":"closed","ping_status":"closed","template":"template\/blog-default.php","meta":{"footnotes":""},"class_list":["post-80","page","type-page","status-publish","hentry"],"_links":{"self":[{"href":"https:\/\/dev.iesislaverde.es\/index.php\/wp-json\/wp\/v2\/pages\/80","targetHints":{"allow":["GET"]}}],"collection":[{"href":"https:\/\/dev.iesislaverde.es\/index.php\/wp-json\/wp\/v2\/pages"}],"about":[{"href":"https:\/\/dev.iesislaverde.es\/index.php\/wp-json\/wp\/v2\/types\/page"}],"author":[{"embeddable":true,"href":"https:\/\/dev.iesislaverde.es\/index.php\/wp-json\/wp\/v2\/users\/15"}],"replies":[{"embeddable":true,"href":"https:\/\/dev.iesislaverde.es\/index.php\/wp-json\/wp\/v2\/comments?post=80"}],"version-history":[{"count":1,"href":"https:\/\/dev.iesislaverde.es\/index.php\/wp-json\/wp\/v2\/pages\/80\/revisions"}],"predecessor-version":[{"id":2389,"href":"https:\/\/dev.iesislaverde.es\/index.php\/wp-json\/wp\/v2\/pages\/80\/revisions\/2389"}],"wp:attachment":[{"href":"https:\/\/dev.iesislaverde.es\/index.php\/wp-json\/wp\/v2\/media?parent=80"}],"curies":[{"name":"wp","href":"https:\/\/api.w.org\/{rel}","templated":true}]}}

Términos de uso

<p>[vc_row el_class=&#8221;privacy-wrapper padding-lg&#8221;][vc_column][vc_column_text]</p>
<div class="entry-content">
<h3> Normas generales</h3>
<ol>
<li><strong>La comunidad educativa</strong>, entendida como el conjunto de alumnos, profesores, padres y personal de administración y servicios, <strong>puede disponer de espacios online adecuados a sus necesidades</strong> relacionadas con el ejercicio de sus deberes y derechos recogidos en el ROF. El número y la naturaleza de esos espacios online dependerá de los condicionantes técnicos y administrativos que afecten al mantenimiento de la web.</li>
<li>Cada curso <strong>se crearán los blogs de aula necesarios</strong> para atender las necesidades de cada aula.</li>
<li><strong>Los profesores de cada grupo podrán publicar en sus respectivos blogs de aula</strong>, y<strong> los alumnos tendrán acceso a los contenidos</strong> que publiquen.</li>
<li>A petición del profesorado de cada grupo <strong>se proporcionará acceso adecuado a los alumnos para facilitar su participación</strong>. Los espacios de participación podrán ser públicos o privados.</li>
<li>Los usuarios con derechos de publicación dispondrán de un <strong>nombre de usuario y contraseña</strong> que les permitirán identificarse para obtener acceso a sus contenidos.</li>
<li>Cada usuario <strong>debe conservar esos datos y evitar que otros los conozcan</strong>. Igualmente <strong>cada usuario accederá exclusivamente con su propio nombre y contraseña</strong>.</li>
<li><strong>Todos los usuarios se obligan a identificarse adecuadamente editando sus perfiles de manera que muestren sus nombres completos reales</strong>. Sólo los usuarios identificados tendrán acceso a esa información.</li>
<li>Todas las actividades realizadas en esta web (comentarios, publicaciones, intervenciones en los grupos y foros, etc.) <strong>quedan registradas automáticamente, asociadas al nombre de usuario e IP del ordenador con el que se efectúan</strong>. Este registro se conserva incluso después de eliminar la actividad.</li>
<li>Se recuerda la obligación de <strong>mantener siempre un tono educado y respetuoso</strong> en las comunicaciones entre los distintos miembros de la comunidad educativa. Se subraya además la conveniencia de que las intervenciones en blogs, foros y grupos sean siempre constructivas, incluso en la crítica, debido a la naturaleza educativa de esta web.</li>
<li>Los usuarios <strong>evitarán exponer en cualquier área de esta web cualquier tipo de información o documento del tipo que sea, incluyendo expresamente imágenes y videos, que atenten contra el derecho a la privacidad y/o el honor de las personas</strong>.</li>
<li>Los administradores y editores de blogs, grupos y foros <strong>velarán por que se mantengan la cordialidad y el respeto mutuo</strong> en las áreas de las que sean responsables, pudiendo incluso vetar total o parcialmente el acceso a quienes incumplan con reiteración o gravemente los puntos 9 y 10.</li>
<li>A su requerimiento, <strong>podría otorgarse acceso a cualquier área a miembros de la directiva, orientación o el profesorado para que puedan cumplir tareas de supervisión relacionadas con el buen funcionamiento del Centro</strong>. Igualmente el coordinador TIC tendrá acceso a cualquier área para resolver asuntos relacionados con el mantenimiento técnico de la web o con labores de asesoría a usuarios.</li>
</ol>
</div>
<p>[/vc_column_text][/vc_column][/vc_row]</p>

<p>[vc_row el_class=&#8221;privacy-wrapper padding-lg&#8221;][vc_column][vc_column_text]  Normas generales La comunidad educativa, entendida como el conjunto de alumnos, profesores, padres y personal de administración y servicios, puede disponer de espacios online adecuados a sus necesidades relacionadas con el ejercicio de sus deberes y derechos recogidos en el ROF. El número y la naturaleza de esos espacios online dependerá de [&hellip;]</p>
