{"id":905,"date":"2018-05-08T10:10:26","date_gmt":"2018-05-08T10:10:26","guid":{"rendered":"http:\/\/www.iesislaverde.es\/?page_id=905"},"modified":"2021-06-18T10:39:26","modified_gmt":"2021-06-18T10:39:26","slug":"admision-ciclos-formativos-y-fpb","status":"publish","type":"page","link":"https:\/\/dev.iesislaverde.es\/index.php\/admision-ciclos-formativos-y-fpb\/","title":{"rendered":"Admisi\u00f3n Ciclos Formativos y FPB"},"content":{"rendered":"<p>[vc_row][vc_column][vc_empty_space][\/vc_column][\/vc_row][vc_row][vc_column][vc_column_text]<strong>Admisi\u00f3n CICLOS FORMATIVOS FP y FPB. Curso 2021-2022<\/strong><\/p>\n<p>La admisi\u00f3n se har\u00e1 de forma telem\u00e1tica con clave iAnde a obtener en la Secretar\u00eda Virtual de los centros educativos:<\/p>\n<p>Calendario de admisi\u00f3n Ciclos Formativos de grado medio y superior:<\/p>\n<p>Convocatoria \u00fanica admisi\u00f3n 1\u00ba Ciclos Formativos: Del 15 al 30 de junio<\/p>\n<p>Convocatoria \u00fanica admisi\u00f3n 2\u00ba curso Ciclos Formativos (traslado de otros centros): Del 25 al 30 de junio<\/p>\n<p>Convocatoria \u00fanica FPB: Del 15 al 30 de junio<\/p>\n<p><a href=\"https:\/\/drive.google.com\/file\/d\/1MSMrpcb0WgY5hEbeE5HJ5BT9k94iwSUx\/view?usp=sharing\">Calendario completo de admisi\u00f3n en Formaci\u00f3n Profesional<\/a><\/p>\n<p><a href=\"https:\/\/www.juntadeandalucia.es\/educacion\/secretariavirtual\/solicitudes\/\">Secretar\u00eda Virtual: acceso a tr\u00e1mites<\/a><\/p>\n<p><a href=\"https:\/\/www.juntadeandalucia.es\/educacion\/secretariavirtual\/accesoTramite\/265\/\">ENLACE ADMISI\u00d3N FPB<\/a><\/p>\n<p><a href=\"https:\/\/www.juntadeandalucia.es\/educacion\/secretariavirtual\/accesoTramite\/308\/\">ENLACE ADMISI\u00d3N CICLOS MEDIO <\/a><\/p>\n<p><a href=\"https:\/\/www.juntadeandalucia.es\/educacion\/secretariavirtual\/accesoTramite\/317\/\">ENLACE ADMISI\u00d3N CICLOS SUPERIORES<\/a><\/p>\n<p><a style=\"text-align: center;\" href=\"https:\/\/drive.google.com\/file\/d\/14cKgKP12xnKQ3daZz5ue_Jrogm12bgR0\/view?usp=sharing\">INFORMACI\u00d3N DE C\u00d3MO SOLICITAR LA ADMISI\u00d3N (CLAVE iANDE)<\/a><\/p>\n<p><iframe loading=\"lazy\" title=\"Acceso a la Secretar\u00eda Virtual con iANDe\" width=\"900\" height=\"506\" src=\"https:\/\/www.youtube.com\/embed\/p8bqMdBsLd4?feature=oembed\" frameborder=\"0\" allow=\"accelerometer; autoplay; clipboard-write; encrypted-media; gyroscope; picture-in-picture\" allowfullscreen><\/iframe><\/p>\n<p>&nbsp;<\/p>\n<p><a href=\"https:\/\/www.dropbox.com\/s\/mgo56e8s78rf7pg\/codigos_GM.pdf?dl=0\">C\u00f3digos Escolarizaci\u00f3n Grado Medio<\/a><br \/>\n<a href=\"https:\/\/www.dropbox.com\/s\/sgtmuujvcw2v0d4\/codigos_GS.pdf?dl=0\">C\u00f3digos Escolarizaci\u00f3n Grado Superior<\/a><br \/>\n<a href=\"https:\/\/www.dropbox.com\/s\/1b3lcjncm6o6y4k\/codigos_FPB.pdf?dl=0\">C\u00f3digos Escolarizaci\u00f3n FPB<\/a>[\/vc_column_text][\/vc_column][\/vc_row][vc_row][vc_column][vc_empty_space][\/vc_column][\/vc_row]<\/p>\n","protected":false},"excerpt":{"rendered":"<p>[vc_row][vc_column][vc_empty_space][\/vc_column][\/vc_row][vc_row][vc_column][vc_column_text]Admisi\u00f3n CICLOS FORMATIVOS FP y FPB. Curso 2021-2022 La admisi\u00f3n se har\u00e1 de forma telem\u00e1tica con clave iAnde a obtener en la Secretar\u00eda Virtual de los centros educativos: Calendario de admisi\u00f3n Ciclos Formativos de grado medio y superior: Convocatoria \u00fanica admisi\u00f3n 1\u00ba Ciclos Formativos: Del 15 al 30 de junio Convocatoria \u00fanica admisi\u00f3n 2\u00ba curso [&hellip;]<\/p>\n","protected":false},"author":15,"featured_media":0,"parent":0,"menu_order":0,"comment_status":"closed","ping_status":"closed","template":"template\/contact.php","meta":{"footnotes":""},"class_list":["post-905","page","type-page","status-publish","hentry"],"_links":{"self":[{"href":"https:\/\/dev.iesislaverde.es\/index.php\/wp-json\/wp\/v2\/pages\/905","targetHints":{"allow":["GET"]}}],"collection":[{"href":"https:\/\/dev.iesislaverde.es\/index.php\/wp-json\/wp\/v2\/pages"}],"about":[{"href":"https:\/\/dev.iesislaverde.es\/index.php\/wp-json\/wp\/v2\/types\/page"}],"author":[{"embeddable":true,"href":"https:\/\/dev.iesislaverde.es\/index.php\/wp-json\/wp\/v2\/users\/15"}],"replies":[{"embeddable":true,"href":"https:\/\/dev.iesislaverde.es\/index.php\/wp-json\/wp\/v2\/comments?post=905"}],"version-history":[{"count":21,"href":"https:\/\/dev.iesislaverde.es\/index.php\/wp-json\/wp\/v2\/pages\/905\/revisions"}],"predecessor-version":[{"id":3557,"href":"https:\/\/dev.iesislaverde.es\/index.php\/wp-json\/wp\/v2\/pages\/905\/revisions\/3557"}],"wp:attachment":[{"href":"https:\/\/dev.iesislaverde.es\/index.php\/wp-json\/wp\/v2\/media?parent=905"}],"curies":[{"name":"wp","href":"https:\/\/api.w.org\/{rel}","templated":true}]}}

Admisión Ciclos Formativos y FPB

<p>[vc_row][vc_column][vc_empty_space][/vc_column][/vc_row][vc_row][vc_column][vc_column_text]<strong>Admisión CICLOS FORMATIVOS FP y FPB. Curso 2021-2022</strong></p>
<p>La admisión se hará de forma telemática con clave iAnde a obtener en la Secretaría Virtual de los centros educativos:</p>
<p>Calendario de admisión Ciclos Formativos de grado medio y superior:</p>
<p>Convocatoria única admisión 1º Ciclos Formativos: Del 15 al 30 de junio</p>
<p>Convocatoria única admisión 2º curso Ciclos Formativos (traslado de otros centros): Del 25 al 30 de junio</p>
<p>Convocatoria única FPB: Del 15 al 30 de junio</p>
<p><a href="https://drive.google.com/file/d/1MSMrpcb0WgY5hEbeE5HJ5BT9k94iwSUx/view?usp=sharing">Calendario completo de admisión en Formación Profesional</a></p>
<p><a href="https://www.juntadeandalucia.es/educacion/secretariavirtual/solicitudes/">Secretaría Virtual: acceso a trámites</a></p>
<p><a href="https://www.juntadeandalucia.es/educacion/secretariavirtual/accesoTramite/265/">ENLACE ADMISIÓN FPB</a></p>
<p><a href="https://www.juntadeandalucia.es/educacion/secretariavirtual/accesoTramite/308/">ENLACE ADMISIÓN CICLOS MEDIO </a></p>
<p><a href="https://www.juntadeandalucia.es/educacion/secretariavirtual/accesoTramite/317/">ENLACE ADMISIÓN CICLOS SUPERIORES</a></p>
<p><a style="text-align: center;" href="https://drive.google.com/file/d/14cKgKP12xnKQ3daZz5ue_Jrogm12bgR0/view?usp=sharing">INFORMACIÓN DE CÓMO SOLICITAR LA ADMISIÓN (CLAVE iANDE)</a></p>
<p><iframe loading="lazy" title="Acceso a la Secretaría Virtual con iANDe" width="900" height="506" src="https://www.youtube.com/embed/p8bqMdBsLd4?feature=oembed" frameborder="0" allow="accelerometer; autoplay; clipboard-write; encrypted-media; gyroscope; picture-in-picture" allowfullscreen></iframe></p>
<p>&nbsp;</p>
<p><a href="https://www.dropbox.com/s/mgo56e8s78rf7pg/codigos_GM.pdf?dl=0">Códigos Escolarización Grado Medio</a><br />
<a href="https://www.dropbox.com/s/sgtmuujvcw2v0d4/codigos_GS.pdf?dl=0">Códigos Escolarización Grado Superior</a><br />
<a href="https://www.dropbox.com/s/1b3lcjncm6o6y4k/codigos_FPB.pdf?dl=0">Códigos Escolarización FPB</a>[/vc_column_text][/vc_column][/vc_row][vc_row][vc_column][vc_empty_space][/vc_column][/vc_row]</p>

<p>[vc_row][vc_column][vc_empty_space][/vc_column][/vc_row][vc_row][vc_column][vc_column_text]Admisión CICLOS FORMATIVOS FP y FPB. Curso 2021-2022 La admisión se hará de forma telemática con clave iAnde a obtener en la Secretaría Virtual de los centros educativos: Calendario de admisión Ciclos Formativos de grado medio y superior: Convocatoria única admisión 1º Ciclos Formativos: Del 15 al 30 de junio Convocatoria única admisión 2º curso [&hellip;]</p>
