{"id":906,"date":"2018-05-08T10:10:26","date_gmt":"2018-05-08T10:10:26","guid":{"rendered":"http:\/\/www.iesislaverde.es\/?page_id=906"},"modified":"2020-06-24T16:16:14","modified_gmt":"2020-06-24T16:16:14","slug":"expedicion_titulo","status":"publish","type":"page","link":"https:\/\/dev.iesislaverde.es\/index.php\/expedicion_titulo\/","title":{"rendered":"Expedici\u00f3n de t\u00edtulos alumnado"},"content":{"rendered":"<p>[vc_row][vc_column][vc_empty_space][\/vc_column][\/vc_row][vc_row][vc_column][vc_column_text]Se accede a trav\u00e9s de la secretar\u00eda virtual de los centros docentes.<\/p>\n<p>El alumnado debe tener previamente clave iAnde que se encuentra alojada en PAsen\/iPasen comunicaciones. En caso de que no dispongan de ella se puede obtener en el siguiente enlace:<\/p>\n<p style=\"text-align: center;\"><a href=\"https:\/\/www.juntadeandalucia.es\/educacion\/secretariavirtual\/autenticacion\/registroUsuarioIANDE\/\">https:\/\/www.juntadeandalucia.es\/educacion\/secretariavirtual\/autenticacion\/registroUsuarioIANDE\/<\/a><\/p>\n<p>\u00a0[\/vc_column_text][vc_column_text]A continuaci\u00f3n\u00a0 se accede a la Secretar\u00eda Virtual &#8220;Solicitud de expedici\u00f3n de t\u00edtulos del alumnado&#8221;[\/vc_column_text][vc_btn title=&#8221;Acceso al tr\u00e1mite&#8221; color=&#8221;warning&#8221; align=&#8221;center&#8221; link=&#8221;url:https%3A%2F%2Fwww.juntadeandalucia.es%2Feducacion%2Fsecretariavirtual%2FaccesoTramite%2F302%2F|||&#8221;][\/vc_column][\/vc_row][vc_row][vc_column][vc_empty_space][\/vc_column][\/vc_row]<\/p>\n","protected":false},"excerpt":{"rendered":"<p>[vc_row][vc_column][vc_empty_space][\/vc_column][\/vc_row][vc_row][vc_column][vc_column_text]Se accede a trav\u00e9s de la secretar\u00eda virtual de los centros docentes. El alumnado debe tener previamente clave iAnde que se encuentra alojada en PAsen\/iPasen comunicaciones. En caso de que no dispongan de ella se puede obtener en el siguiente enlace: https:\/\/www.juntadeandalucia.es\/educacion\/secretariavirtual\/autenticacion\/registroUsuarioIANDE\/ \u00a0[\/vc_column_text][vc_column_text]A continuaci\u00f3n\u00a0 se accede a la Secretar\u00eda Virtual &#8220;Solicitud de expedici\u00f3n de t\u00edtulos [&hellip;]<\/p>\n","protected":false},"author":15,"featured_media":0,"parent":0,"menu_order":0,"comment_status":"closed","ping_status":"closed","template":"template\/contact.php","meta":{"footnotes":""},"class_list":["post-906","page","type-page","status-publish","hentry"],"_links":{"self":[{"href":"https:\/\/dev.iesislaverde.es\/index.php\/wp-json\/wp\/v2\/pages\/906","targetHints":{"allow":["GET"]}}],"collection":[{"href":"https:\/\/dev.iesislaverde.es\/index.php\/wp-json\/wp\/v2\/pages"}],"about":[{"href":"https:\/\/dev.iesislaverde.es\/index.php\/wp-json\/wp\/v2\/types\/page"}],"author":[{"embeddable":true,"href":"https:\/\/dev.iesislaverde.es\/index.php\/wp-json\/wp\/v2\/users\/15"}],"replies":[{"embeddable":true,"href":"https:\/\/dev.iesislaverde.es\/index.php\/wp-json\/wp\/v2\/comments?post=906"}],"version-history":[{"count":11,"href":"https:\/\/dev.iesislaverde.es\/index.php\/wp-json\/wp\/v2\/pages\/906\/revisions"}],"predecessor-version":[{"id":2905,"href":"https:\/\/dev.iesislaverde.es\/index.php\/wp-json\/wp\/v2\/pages\/906\/revisions\/2905"}],"wp:attachment":[{"href":"https:\/\/dev.iesislaverde.es\/index.php\/wp-json\/wp\/v2\/media?parent=906"}],"curies":[{"name":"wp","href":"https:\/\/api.w.org\/{rel}","templated":true}]}}